{"id":1009,"date":"2019-10-28T13:23:31","date_gmt":"2019-10-28T13:23:31","guid":{"rendered":"https:\/\/sidimurcia.org\/wp\/?page_id=1009"},"modified":"2021-10-15T08:35:17","modified_gmt":"2021-10-15T08:35:17","slug":"articulos-anteriores-de-deporte-escolar","status":"publish","type":"page","link":"https:\/\/sidimurcia.org\/index.php\/articulos-anteriores-de-deporte-escolar\/","title":{"rendered":"Art\u00edculos anteriores de Deporte Escolar"},"content":{"rendered":"<table border=\"0\" width=\"100%\" cellspacing=\"0\" cellpadding=\"0\">\n<tbody>\n<tr>\n<td><a href=\"https:\/\/sd.sidimurcia.org\/index2.php?option=com_content&#038;task=view&#038;id=13777&#038;Itemid=206\">Programa de Actividad F\u00edsica y Deporte en Edad Escolar de la Regi\u00f3n de Murcia para el curso 19-20 <\/a><\/td>\n<\/tr>\n<tr>\n<td><a href=\"https:\/\/sd.sidimurcia.org\/index2.php?option=com_content&#038;task=view&#038;id=13557&#038;Itemid=206\"> Resoluci\u00f3n 05\/06\/19 PROVISIONAL adecuaciones de jornada de los docentes mayores de 55 a\u00f1os, 19\/20 <\/a><\/td>\n<\/tr>\n<tr>\n<td><a href=\"https:\/\/sd.sidimurcia.org\/index2.php?option=com_content&#038;task=view&#038;id=12537&#038;Itemid=206\"> Programa de Actividad F\u00edsica y Deporte en Edad Escolar de la Regi\u00f3n de Murcia para el curso 18-19 <\/a><\/td>\n<\/tr>\n<tr>\n<td><a href=\"https:\/\/sd.sidimurcia.org\/index2.php?option=com_content&#038;task=view&#038;id=11372&#038;Itemid=206\"> Orden por la que se aprueba el Programa de Actividad F\u00edsica y Deporte en Edad Escolar, curso 17\/18 <\/a><\/td>\n<\/tr>\n<tr>\n<td><a href=\"https:\/\/sd.sidimurcia.org\/index2.php?option=com_content&#038;task=view&#038;id=8850&#038;Itemid=206\"> Listados DEFINITIVOS de Propietarios Provisionales Maestros Confirmados y No Confirmados <\/a><\/td>\n<\/tr>\n<tr>\n<td><a href=\"https:\/\/sd.sidimurcia.org\/index2.php?option=com_content&#038;task=view&#038;id=7314&#038;Itemid=206\"> Resoluci\u00f3n 9\/03\/2014 convoca becas participaci\u00f3n programa inmersi\u00f3n ling\u00fc\u00edstica estudiantes&#8230; <\/a><\/td>\n<\/tr>\n<tr>\n<td><a href=\"https:\/\/sd.sidimurcia.org\/index2.php?option=com_content&#038;task=view&#038;id=7254&#038;Itemid=206\"> Resoluci\u00f3n 11\/04\/14 &#8211; Conservatorios M\u00fasica Murcia &#8211; Instrucciones admisi\u00f3n y matricula y calendario <\/a><\/td>\n<\/tr>\n<tr>\n<td><a href=\"https:\/\/sd.sidimurcia.org\/index2.php?option=com_content&#038;task=view&#038;id=7125&#038;Itemid=206\"> Resoluci\u00f3n 20\/03\/2014 convocatoria actividad \u00abConoce las elecciones al Parlamento Europeo\u00bb <\/a><\/td>\n<\/tr>\n<tr>\n<td><a href=\"https:\/\/sd.sidimurcia.org\/index2.php?option=com_content&#038;task=view&#038;id=6762&#038;Itemid=206\"> Resoluci\u00f3n 11\/11\/2013 &#8211; aprueba normativa t\u00e9cnica boxeo en edad escolar (alev\u00edn e infantil) &#8211; <\/a><\/td>\n<\/tr>\n<tr>\n<td><a href=\"https:\/\/sd.sidimurcia.org\/index2.php?option=com_content&#038;task=view&#038;id=5675&#038;Itemid=206\"> Resoluciones DEPORTE ESCOLAR 2012-13 <\/a><\/td>\n<\/tr>\n<tr>\n<td><a href=\"https:\/\/sd.sidimurcia.org\/index2.php?option=com_content&#038;task=view&#038;id=4174&#038;Itemid=206\"> Bases y normativa Campeonato de Promoci\u00f3n Deportiva de la Regi\u00f3n de Murcia, categor\u00edas Benjam\u00edn &#8230; <\/a><\/td>\n<\/tr>\n<tr>\n<td><a href=\"https:\/\/sd.sidimurcia.org\/index2.php?option=com_content&#038;task=view&#038;id=4173&#038;Itemid=206\"> Regulaci\u00f3n \u00abCampa\u00f1a de Promoci\u00f3n Deportiva Municipal\u00bb incluida en programa \u00abDeporte en Edad Escolar\u00bb <\/a><\/td>\n<\/tr>\n<tr>\n<td><a href=\"https:\/\/sd.sidimurcia.org\/index2.php?option=com_content&#038;task=view&#038;id=4172&#038;Itemid=206\"> Bases y normativa deportes escolar adaptado para discapacitados. Curso 2010-2011 <\/a><\/td>\n<\/tr>\n<\/tbody>\n<\/table>\n","protected":false},"excerpt":{"rendered":"<p>Programa de Actividad F\u00edsica y Deporte en Edad Escolar de la Regi\u00f3n de Murcia para el curso 19-20 Resoluci\u00f3n 05\/06\/19 &#8230; <a title=\"Art\u00edculos anteriores de Deporte Escolar\" class=\"read-more\" href=\"https:\/\/sidimurcia.org\/index.php\/articulos-anteriores-de-deporte-escolar\/\" aria-label=\"Leer m\u00e1s sobre Art\u00edculos anteriores de Deporte Escolar\">Leer mas<\/a><\/p>\n","protected":false},"author":1,"featured_media":0,"parent":0,"menu_order":0,"comment_status":"closed","ping_status":"closed","template":"","meta":{"footnotes":""},"class_list":["post-1009","page","type-page","status-publish"],"yoast_head":"<!-- This site is optimized with the Yoast SEO plugin v27.2 - https:\/\/yoast.com\/product\/yoast-seo-wordpress\/ -->\n<title>Art\u00edculos anteriores de Deporte Escolar - SIDI<\/title>\n<meta name=\"robots\" content=\"index, follow, max-snippet:-1, max-image-preview:large, max-video-preview:-1\" \/>\n<link rel=\"canonical\" href=\"https:\/\/sidimurcia.org\/index.php\/articulos-anteriores-de-deporte-escolar\/\" \/>\n<meta property=\"og:locale\" content=\"es_ES\" \/>\n<meta property=\"og:type\" content=\"article\" \/>\n<meta property=\"og:title\" content=\"Art\u00edculos anteriores de Deporte Escolar - SIDI\" \/>\n<meta property=\"og:description\" content=\"Programa de Actividad F\u00edsica y Deporte en Edad Escolar de la Regi\u00f3n de Murcia para el curso 19-20 Resoluci\u00f3n 05\/06\/19 ... Leer mas\" \/>\n<meta property=\"og:url\" content=\"https:\/\/sidimurcia.org\/index.php\/articulos-anteriores-de-deporte-escolar\/\" \/>\n<meta property=\"og:site_name\" content=\"SIDI\" \/>\n<meta property=\"article:publisher\" content=\"https:\/\/es-es.facebook.com\/sidi.sindicatodedocentes\" \/>\n<meta property=\"article:modified_time\" content=\"2021-10-15T08:35:17+00:00\" \/>\n<meta name=\"twitter:card\" content=\"summary_large_image\" \/>\n<meta name=\"twitter:site\" content=\"@SIDIMURCIA\" \/>\n<meta name=\"twitter:label1\" content=\"Tiempo de lectura\" \/>\n\t<meta name=\"twitter:data1\" content=\"1 minuto\" \/>\n<script type=\"application\/ld+json\" class=\"yoast-schema-graph\">{\"@context\":\"https:\/\/schema.org\",\"@graph\":[{\"@type\":\"WebPage\",\"@id\":\"https:\/\/sidimurcia.org\/index.php\/articulos-anteriores-de-deporte-escolar\/\",\"url\":\"https:\/\/sidimurcia.org\/index.php\/articulos-anteriores-de-deporte-escolar\/\",\"name\":\"Art\u00edculos anteriores de Deporte Escolar - SIDI\",\"isPartOf\":{\"@id\":\"https:\/\/sidimurcia.org\/#website\"},\"datePublished\":\"2019-10-28T13:23:31+00:00\",\"dateModified\":\"2021-10-15T08:35:17+00:00\",\"breadcrumb\":{\"@id\":\"https:\/\/sidimurcia.org\/index.php\/articulos-anteriores-de-deporte-escolar\/#breadcrumb\"},\"inLanguage\":\"es\",\"potentialAction\":[{\"@type\":\"ReadAction\",\"target\":[\"https:\/\/sidimurcia.org\/index.php\/articulos-anteriores-de-deporte-escolar\/\"]}]},{\"@type\":\"BreadcrumbList\",\"@id\":\"https:\/\/sidimurcia.org\/index.php\/articulos-anteriores-de-deporte-escolar\/#breadcrumb\",\"itemListElement\":[{\"@type\":\"ListItem\",\"position\":1,\"name\":\"Portada\",\"item\":\"https:\/\/sidimurcia.org\/\"},{\"@type\":\"ListItem\",\"position\":2,\"name\":\"Art\u00edculos anteriores de Deporte Escolar\"}]},{\"@type\":\"WebSite\",\"@id\":\"https:\/\/sidimurcia.org\/#website\",\"url\":\"https:\/\/sidimurcia.org\/\",\"name\":\"SIDI\",\"description\":\"Sindicato Independiente de Docentes\",\"publisher\":{\"@id\":\"https:\/\/sidimurcia.org\/#organization\"},\"potentialAction\":[{\"@type\":\"SearchAction\",\"target\":{\"@type\":\"EntryPoint\",\"urlTemplate\":\"https:\/\/sidimurcia.org\/?s={search_term_string}\"},\"query-input\":{\"@type\":\"PropertyValueSpecification\",\"valueRequired\":true,\"valueName\":\"search_term_string\"}}],\"inLanguage\":\"es\"},{\"@type\":\"Organization\",\"@id\":\"https:\/\/sidimurcia.org\/#organization\",\"name\":\"Sindicato Independiente de Docentes - SIDI\",\"url\":\"https:\/\/sidimurcia.org\/\",\"logo\":{\"@type\":\"ImageObject\",\"inLanguage\":\"es\",\"@id\":\"https:\/\/sidimurcia.org\/#\/schema\/logo\/image\/\",\"url\":\"https:\/\/sidimurcia.org\/wp-content\/uploads\/cropped-PARAPESTANAWEB-1.jpg\",\"contentUrl\":\"https:\/\/sidimurcia.org\/wp-content\/uploads\/cropped-PARAPESTANAWEB-1.jpg\",\"width\":512,\"height\":512,\"caption\":\"Sindicato Independiente de Docentes - SIDI\"},\"image\":{\"@id\":\"https:\/\/sidimurcia.org\/#\/schema\/logo\/image\/\"},\"sameAs\":[\"https:\/\/es-es.facebook.com\/sidi.sindicatodedocentes\",\"https:\/\/x.com\/SIDIMURCIA\",\"https:\/\/www.instagram.com\/sidi_murcia\/\",\"https:\/\/www.youtube.com\/channel\/UCwwdL3uFtDKJdbOfmC70wIQ\"]}]}<\/script>\n<!-- \/ Yoast SEO plugin. -->","yoast_head_json":{"title":"Art\u00edculos anteriores de Deporte Escolar - SIDI","robots":{"index":"index","follow":"follow","max-snippet":"max-snippet:-1","max-image-preview":"max-image-preview:large","max-video-preview":"max-video-preview:-1"},"canonical":"https:\/\/sidimurcia.org\/index.php\/articulos-anteriores-de-deporte-escolar\/","og_locale":"es_ES","og_type":"article","og_title":"Art\u00edculos anteriores de Deporte Escolar - SIDI","og_description":"Programa de Actividad F\u00edsica y Deporte en Edad Escolar de la Regi\u00f3n de Murcia para el curso 19-20 Resoluci\u00f3n 05\/06\/19 ... Leer mas","og_url":"https:\/\/sidimurcia.org\/index.php\/articulos-anteriores-de-deporte-escolar\/","og_site_name":"SIDI","article_publisher":"https:\/\/es-es.facebook.com\/sidi.sindicatodedocentes","article_modified_time":"2021-10-15T08:35:17+00:00","twitter_card":"summary_large_image","twitter_site":"@SIDIMURCIA","twitter_misc":{"Tiempo de lectura":"1 minuto"},"schema":{"@context":"https:\/\/schema.org","@graph":[{"@type":"WebPage","@id":"https:\/\/sidimurcia.org\/index.php\/articulos-anteriores-de-deporte-escolar\/","url":"https:\/\/sidimurcia.org\/index.php\/articulos-anteriores-de-deporte-escolar\/","name":"Art\u00edculos anteriores de Deporte Escolar - SIDI","isPartOf":{"@id":"https:\/\/sidimurcia.org\/#website"},"datePublished":"2019-10-28T13:23:31+00:00","dateModified":"2021-10-15T08:35:17+00:00","breadcrumb":{"@id":"https:\/\/sidimurcia.org\/index.php\/articulos-anteriores-de-deporte-escolar\/#breadcrumb"},"inLanguage":"es","potentialAction":[{"@type":"ReadAction","target":["https:\/\/sidimurcia.org\/index.php\/articulos-anteriores-de-deporte-escolar\/"]}]},{"@type":"BreadcrumbList","@id":"https:\/\/sidimurcia.org\/index.php\/articulos-anteriores-de-deporte-escolar\/#breadcrumb","itemListElement":[{"@type":"ListItem","position":1,"name":"Portada","item":"https:\/\/sidimurcia.org\/"},{"@type":"ListItem","position":2,"name":"Art\u00edculos anteriores de Deporte Escolar"}]},{"@type":"WebSite","@id":"https:\/\/sidimurcia.org\/#website","url":"https:\/\/sidimurcia.org\/","name":"SIDI","description":"Sindicato Independiente de Docentes","publisher":{"@id":"https:\/\/sidimurcia.org\/#organization"},"potentialAction":[{"@type":"SearchAction","target":{"@type":"EntryPoint","urlTemplate":"https:\/\/sidimurcia.org\/?s={search_term_string}"},"query-input":{"@type":"PropertyValueSpecification","valueRequired":true,"valueName":"search_term_string"}}],"inLanguage":"es"},{"@type":"Organization","@id":"https:\/\/sidimurcia.org\/#organization","name":"Sindicato Independiente de Docentes - SIDI","url":"https:\/\/sidimurcia.org\/","logo":{"@type":"ImageObject","inLanguage":"es","@id":"https:\/\/sidimurcia.org\/#\/schema\/logo\/image\/","url":"https:\/\/sidimurcia.org\/wp-content\/uploads\/cropped-PARAPESTANAWEB-1.jpg","contentUrl":"https:\/\/sidimurcia.org\/wp-content\/uploads\/cropped-PARAPESTANAWEB-1.jpg","width":512,"height":512,"caption":"Sindicato Independiente de Docentes - SIDI"},"image":{"@id":"https:\/\/sidimurcia.org\/#\/schema\/logo\/image\/"},"sameAs":["https:\/\/es-es.facebook.com\/sidi.sindicatodedocentes","https:\/\/x.com\/SIDIMURCIA","https:\/\/www.instagram.com\/sidi_murcia\/","https:\/\/www.youtube.com\/channel\/UCwwdL3uFtDKJdbOfmC70wIQ"]}]}},"_links":{"self":[{"href":"https:\/\/sidimurcia.org\/index.php\/wp-json\/wp\/v2\/pages\/1009","targetHints":{"allow":["GET"]}}],"collection":[{"href":"https:\/\/sidimurcia.org\/index.php\/wp-json\/wp\/v2\/pages"}],"about":[{"href":"https:\/\/sidimurcia.org\/index.php\/wp-json\/wp\/v2\/types\/page"}],"author":[{"embeddable":true,"href":"https:\/\/sidimurcia.org\/index.php\/wp-json\/wp\/v2\/users\/1"}],"replies":[{"embeddable":true,"href":"https:\/\/sidimurcia.org\/index.php\/wp-json\/wp\/v2\/comments?post=1009"}],"version-history":[{"count":0,"href":"https:\/\/sidimurcia.org\/index.php\/wp-json\/wp\/v2\/pages\/1009\/revisions"}],"wp:attachment":[{"href":"https:\/\/sidimurcia.org\/index.php\/wp-json\/wp\/v2\/media?parent=1009"}],"curies":[{"name":"wp","href":"https:\/\/api.w.org\/{rel}","templated":true}]}}