{"id":107,"date":"2019-10-10T12:29:29","date_gmt":"2019-10-10T12:29:29","guid":{"rendered":"https:\/\/sidimurcia.org\/wp\/?page_id=107"},"modified":"2022-03-02T20:33:14","modified_gmt":"2022-03-02T20:33:14","slug":"oposiciones-2019","status":"publish","type":"page","link":"https:\/\/sidimurcia.org\/index.php\/oposiciones-2019\/","title":{"rendered":"Oposiciones 2019"},"content":{"rendered":"<table border=\"0\" width=\"100%\" cellspacing=\"0\" cellpadding=\"0\">\n<tbody>\n<tr>\n<td class=\"sectiontableheader\" width=\"45%\">\n<h3><strong>RELACI\u00d3N DE ENLACES A NOTICIAS RELACIONADAS CON LAS OPOSICIONES DEL A\u00d1O 2019<\/strong><\/h3>\n<\/td>\n<\/tr>\n<tr>\n<td><a href=\"https:\/\/sd.sidimurcia.org\/index2.php?option=com_content&amp;task=view&amp;id=13956&amp;Itemid=573\"> OPOSICIONES 2019: Nombramiento de funcionarios en pr\u00e1cticas &#8211; BORM 09\/10\/2019. <\/a><\/td>\n<\/tr>\n<tr>\n<td><a href=\"https:\/\/sd.sidimurcia.org\/index2.php?option=com_content&amp;task=view&amp;id=13882&amp;Itemid=573\"> OPOSICIONES DOCENTES 2019: Designaci\u00f3n la comisi\u00f3n calificadora de la fase de pr\u00e1cticas. <\/a><\/td>\n<\/tr>\n<tr>\n<td><a href=\"https:\/\/sd.sidimurcia.org\/index2.php?option=com_content&amp;task=view&amp;id=13834&amp;Itemid=573\"> OPOSICIONES 2019: Funcionari@s declarados APTOS en la adquisici\u00f3n nuevas de especialalidades. <\/a><\/td>\n<\/tr>\n<tr>\n<td><a href=\"https:\/\/sd.sidimurcia.org\/index2.php?option=com_content&amp;task=view&amp;id=13809&amp;Itemid=573\"> NOTA INFORMATIVA sobre el alta en MUFACE de los seleccionados en las oposiciones de 2019 <\/a><\/td>\n<\/tr>\n<tr>\n<td><a href=\"https:\/\/sd.sidimurcia.org\/index2.php?option=com_content&amp;task=view&amp;id=13805&amp;Itemid=573\"> 02\/08\/2019. Nota Informativa relativa a los Seleccionados oposici\u00f3n de Maestros y a los interinos. <\/a><\/td>\n<\/tr>\n<tr>\n<td><a href=\"https:\/\/sidimurcia.org\/index.php\/2019\/07\/31\/oposiciones-2019-listas-de-aspirantes-seleccionados-de-los-procedimientos-selectivos\/\"> OPOSICIONES 2019: Listas de aspirantes SELECCIONADOS de los procedimientos selectivos <\/a><\/td>\n<\/tr>\n<tr>\n<td><a href=\"https:\/\/sd.sidimurcia.org\/index2.php?option=com_content&amp;task=view&amp;id=13765&amp;Itemid=573\"> OPOSICIONES 2019: ampliaci\u00f3n para la conclusi\u00f3n de los procedimientos hasta el 2 de agosto <\/a><\/td>\n<\/tr>\n<tr>\n<td><a href=\"https:\/\/sd.sidimurcia.org\/index2.php?option=com_content&amp;task=view&amp;id=13732&amp;Itemid=573\"> OPOSICIONES 2019: Fase de concurso. Baremaci\u00f3n de m\u00e9ritos. Comisi\u00f3n de valoraci\u00f3n <\/a><\/td>\n<\/tr>\n<tr>\n<td><a href=\"https:\/\/sd.sidimurcia.org\/index2.php?option=com_content&amp;task=view&amp;id=13707&amp;Itemid=573\"> OPOSICIONES 2019: Horario para acreditaci\u00f3n de servicios en centros privados y privados concertado <\/a><\/td>\n<\/tr>\n<tr>\n<td><a href=\"https:\/\/sd.sidimurcia.org\/index2.php?option=com_content&amp;task=view&amp;id=13702&amp;Itemid=573\"> 2019 HERRAMIENTA CALCULA LA NOTA DE OPOSICI\u00d3N, LA NOTA DE BAREMO, LA NOTA FINAL Y LOS SELECCIONADOS <\/a><\/td>\n<\/tr>\n<tr>\n<td><a href=\"https:\/\/sd.sidimurcia.org\/index2.php?option=com_content&amp;task=view&amp;id=13697&amp;Itemid=573\"> Conservatorio Municipal: oferta inicial plazas vacantes ense\u00f1anzas profesionales m\u00fasica, via acceso <\/a><\/td>\n<\/tr>\n<tr>\n<td><a href=\"https:\/\/sd.sidimurcia.org\/index2.php?option=com_content&amp;task=view&amp;id=13678&amp;Itemid=573\"> SIDI DENUNCIA LAS CONDICIONES DE TRABAJO EN LAS QUE SE EST\u00c1N LLEVANDO A CABO LAS OPOSICIONES DE 2019 <\/a><\/td>\n<\/tr>\n<tr>\n<td><a href=\"https:\/\/sd.sidimurcia.org\/index2.php?option=com_content&amp;task=view&amp;id=13675&amp;Itemid=573\"> OPOSICIONES 2019: Publicaciones de tribunales <\/a><\/td>\n<\/tr>\n<tr>\n<td><a href=\"https:\/\/sd.sidimurcia.org\/index2.php?option=com_content&amp;task=view&amp;id=13653&amp;Itemid=573\"> OPOSICIONES INSPECCI\u00d3N 2019: Valoraci\u00f3n de la labor directiva esde el 01\/04\/2019 al 24\/06\/2019 <\/a><\/td>\n<\/tr>\n<tr>\n<td><a href=\"https:\/\/sd.sidimurcia.org\/index2.php?option=com_content&amp;task=view&amp;id=13644&amp;Itemid=573\"> OPOSICIONES 2019: Sedes de actuaci\u00f3n para los tribunales, a partir del d\u00eda 24 de junio de 2019 <\/a><\/td>\n<\/tr>\n<tr>\n<td><a href=\"https:\/\/sd.sidimurcia.org\/index2.php?option=com_content&amp;task=view&amp;id=13601&amp;Itemid=573\"> OPOSICIONES 2019: Criterios de valoraci\u00f3n por especialidades <\/a><\/td>\n<\/tr>\n<tr>\n<td><a href=\"https:\/\/sd.sidimurcia.org\/index2.php?option=com_content&amp;task=view&amp;id=13587&amp;Itemid=573\"> OPOSICIONES 2019: D\u00eda, hora y lugar del acto de presentaci\u00f3n y de celebraci\u00f3n primera prueba. <\/a><\/td>\n<\/tr>\n<tr>\n<td><a href=\"https:\/\/sd.sidimurcia.org\/index2.php?option=com_content&amp;task=view&amp;id=13537&amp;Itemid=573\"> REBAREMACI\u00d3N 2019 &#8211; INTERINOS\/AS MAESTROS\/AS: Ampliaci\u00f3n de plazo para visado de Inspecci\u00f3n <\/a><\/td>\n<\/tr>\n<tr>\n<td><a href=\"https:\/\/sd.sidimurcia.org\/index2.php?option=com_content&amp;task=view&amp;id=13513&amp;Itemid=573\"> REBAREMACI\u00d3N 2019 &#8211; INTERINOS\/AS MAESTROS\/AS publicado listado con la informaci\u00f3n previa &#8211; OMISIONES <\/a><\/td>\n<\/tr>\n<tr>\n<td><a href=\"https:\/\/sd.sidimurcia.org\/index2.php?option=com_content&amp;task=view&amp;id=13494&amp;Itemid=573\"> REBAREMACI\u00d3N 2019 &#8211; INTERINOS\/AS MAESTROS\/AS: Nota Informativa. Fase de exposici\u00f3n p\u00fablica <\/a><\/td>\n<\/tr>\n<tr>\n<td><a href=\"https:\/\/sd.sidimurcia.org\/index2.php?option=com_content&amp;task=view&amp;id=13490&amp;Itemid=573\"> REBAREMACI\u00d3N 2019 &#8211; INTERINOS\/AS MAESTROS\/AS publicado listado con la informaci\u00f3n previa <\/a><\/td>\n<\/tr>\n<tr>\n<td><a href=\"https:\/\/sd.sidimurcia.org\/index2.php?option=com_content&amp;task=view&amp;id=13450&amp;Itemid=573\"> OPOSICIONES INSPECCI\u00d3N 2019: Lista de aspirantes seleccionados. <\/a><\/td>\n<\/tr>\n<tr>\n<td><a href=\"https:\/\/sd.sidimurcia.org\/index2.php?option=com_content&amp;task=view&amp;id=13444&amp;Itemid=573\"> OPOSICIONES 2019: Relaci\u00f3n DEFINITIVA aspirantes admitidos y excluidos y distribuci\u00f3n por tribunal. <\/a><\/td>\n<\/tr>\n<tr>\n<td><a href=\"https:\/\/sd.sidimurcia.org\/index2.php?option=com_content&amp;task=view&amp;id=13438&amp;Itemid=573\"> OPOSICIONES 2019 &#8211; Publicados miembros de tribunal en el BORM <\/a><\/td>\n<\/tr>\n<tr>\n<td><a href=\"https:\/\/sd.sidimurcia.org\/index2.php?option=com_content&amp;task=view&amp;id=13432&amp;Itemid=573\"> OPOSICIONES INSPECCI\u00d3N 2019: Puntuaciones definitivas de la fase de concurso. <\/a><\/td>\n<\/tr>\n<tr>\n<td><a href=\"https:\/\/sd.sidimurcia.org\/index2.php?option=com_content&amp;task=view&amp;id=13400&amp;Itemid=573\"> OPOSICIONES INSPECCI\u00d3N 2019: Puntuaciones provisionales de fase de concurso y plazo de reclaciones <\/a><\/td>\n<\/tr>\n<tr>\n<td><a href=\"https:\/\/sd.sidimurcia.org\/index2.php?option=com_content&amp;task=view&amp;id=13363&amp;Itemid=573\"> OPOSICIONES INSPECCI\u00d3N 2019: Plazo de presentaci\u00f3n de m\u00e9ritos <\/a><\/td>\n<\/tr>\n<tr>\n<td><a href=\"https:\/\/sd.sidimurcia.org\/index2.php?option=com_content&amp;task=view&amp;id=13349&amp;Itemid=573\"> OPOSICIONES INSPECCI\u00d3N 2019: Valoraci\u00f3n de la labor directiva esde el 01\/04\/2019 al 29\/04\/2019. <\/a><\/td>\n<\/tr>\n<tr>\n<td><a href=\"https:\/\/sd.sidimurcia.org\/index2.php?option=com_content&amp;task=view&amp;id=13316&amp;Itemid=573\"> OPOSICIONES 2019: Resoluci\u00f3n PROVISIONAL de aspirantes admitidos y excluidos. <\/a><\/td>\n<\/tr>\n<tr>\n<td><a href=\"https:\/\/sd.sidimurcia.org\/index2.php?option=com_content&amp;task=view&amp;id=12985&amp;Itemid=573\"> RESUMEN OPOSICIONES 2019 EN TODAS LAS COMUNIDADES AUT\u00d3NOMAS <\/a><\/td>\n<\/tr>\n<tr>\n<td><a href=\"https:\/\/sd.sidimurcia.org\/index2.php?option=com_content&amp;task=view&amp;id=13273&amp;Itemid=573\"> OPOSICIONES INSPECCI\u00d3N 2019: Puntuaciones primera parte de la prueba y plazo de reclamaciones. <\/a><\/td>\n<\/tr>\n<tr>\n<td><a href=\"https:\/\/sd.sidimurcia.org\/index2.php?option=com_content&amp;task=view&amp;id=13259&amp;Itemid=573\"> OPOSICIONES INSPECCI\u00d3N 2019: Convocatoria aspirantes lectura de primera parte de la prueba el 01\/04 <\/a><\/td>\n<\/tr>\n<tr>\n<td><a href=\"https:\/\/sd.sidimurcia.org\/index2.php?option=com_content&amp;task=view&amp;id=13258&amp;Itemid=573\"> OPOSICIONES INSPECCI\u00d3N 2019: Convocatoria aspirantes lectura de primera parte de la prueba el 29\/03 <\/a><\/td>\n<\/tr>\n<tr>\n<td><a href=\"https:\/\/sd.sidimurcia.org\/index2.php?option=com_content&amp;task=view&amp;id=13257&amp;Itemid=573\"> OPOSICIONES INSPECCI\u00d3N 2019: Convocatoria aspirantes lectura de primera parte de la prueba el 28\/03 <\/a><\/td>\n<\/tr>\n<tr>\n<td><a href=\"https:\/\/sd.sidimurcia.org\/index2.php?option=com_content&amp;task=view&amp;id=13245&amp;Itemid=573\"> OPOSICIONES INSPECCI\u00d3N 2019: Convocatoria aspirantes lectura de primera parte de la prueba el 27\/03 <\/a><\/td>\n<\/tr>\n<tr>\n<td><a href=\"https:\/\/sd.sidimurcia.org\/index2.php?option=com_content&amp;task=view&amp;id=13244&amp;Itemid=573\"> OPOSICIONES INSPECCI\u00d3N 2019: Convocatoria aspirantes lectura de primera parte de la prueba el 26\/03 <\/a><\/td>\n<\/tr>\n<tr>\n<td><a href=\"https:\/\/sd.sidimurcia.org\/index2.php?option=com_content&amp;task=view&amp;id=13234&amp;Itemid=573\"> OPOSICIONES INSPECCI\u00d3N 2019: Convocatoria aspirantes lectura de primera parte de la prueba el 25\/03 <\/a><\/td>\n<\/tr>\n<tr>\n<td><a href=\"https:\/\/sd.sidimurcia.org\/index2.php?option=com_content&amp;task=view&amp;id=13192&amp;Itemid=573\"> OPOSICIONES INSPECCI\u00d3N 2019: Criterios de actuaci\u00f3n y de valoraci\u00f3n. <\/a><\/td>\n<\/tr>\n<tr>\n<td><a href=\"https:\/\/sd.sidimurcia.org\/index2.php?option=com_content&amp;task=view&amp;id=13186&amp;Itemid=573\"> OPOSICIONES INSPECCI\u00d3N 2019: D\u00eda, hora y lugar acto de presentaci\u00f3n y de celebraci\u00f3n primera prueba. <\/a><\/td>\n<\/tr>\n<tr>\n<td><a href=\"https:\/\/sd.sidimurcia.org\/index2.php?option=com_content&amp;task=view&amp;id=13177&amp;Itemid=573\"> OPOSICIONES INSPECCI\u00d3N 2019: Listas DEFINITIVAS de admitidos y excluidos en el procedimiento. <\/a><\/td>\n<\/tr>\n<tr>\n<td><a href=\"https:\/\/sd.sidimurcia.org\/index2.php?option=com_content&amp;task=view&amp;id=13128&amp;Itemid=573\"> OPOSICIONES INSPECCI\u00d3N 2019:Nombramiento tribunal \u00fanico que ha de valorar el procedimiento selectivo <\/a><\/td>\n<\/tr>\n<tr>\n<td><a href=\"https:\/\/sd.sidimurcia.org\/index2.php?option=com_content&amp;task=view&amp;id=13111&amp;Itemid=573\"> OPOSICIONES INSPECCI\u00d3N 2019: Listas PROVISIONALES de admitidos y excluidos en el procedimiento. <\/a><\/td>\n<\/tr>\n<tr>\n<td><a href=\"https:\/\/sd.sidimurcia.org\/index2.php?option=com_content&amp;task=view&amp;id=13110&amp;Itemid=573\"> OPOSICIONES 2019 &#8211; Convocatoria de oposiciones en el Cuerpo de Maestros en la Regi\u00f3n de Murcia. <\/a><\/td>\n<\/tr>\n<tr>\n<td><a href=\"https:\/\/sd.sidimurcia.org\/index2.php?option=com_content&amp;task=view&amp;id=13103&amp;Itemid=573\"> Orden 12\/02\/19 Bases de Procedimientos Selectivos para ingreso a nuevas Especialidades Docentes CARM <\/a><\/td>\n<\/tr>\n<tr>\n<td><a href=\"https:\/\/sd.sidimurcia.org\/index2.php?option=com_content&amp;task=view&amp;id=13055&amp;Itemid=573\"> OPOSICIONES 2019: Acta del sorteo para la designaci\u00f3n de los vocales de los tribunales <\/a><\/td>\n<\/tr>\n<tr>\n<td><a href=\"https:\/\/sd.sidimurcia.org\/index2.php?option=com_content&amp;task=view&amp;id=13043&amp;Itemid=573\"> OPOSICIONES 2019: Resoluci\u00f3n 30\/01\/19 normas sorteo tribunales, solicitud voluntarios y alegaciones. <\/a><\/td>\n<\/tr>\n<tr>\n<td><a href=\"https:\/\/sd.sidimurcia.org\/index2.php?option=com_content&amp;task=view&amp;id=13009&amp;Itemid=573\"> OPOSICIONES INSPECCI\u00d3N 2019: Convocatoria, bases y regulaci\u00f3n listas de inspector accidental <\/a><\/td>\n<\/tr>\n<tr>\n<td><a href=\"https:\/\/sd.sidimurcia.org\/index2.php?option=com_content&amp;task=view&amp;id=12992&amp;Itemid=573\"> Borrador Orden Bases Procedimientos Selectivos para ingreso a nuevas Especialidades Docentes <\/a><\/td>\n<\/tr>\n<tr>\n<td><a href=\"https:\/\/sd.sidimurcia.org\/index2.php?option=com_content&amp;task=view&amp;id=12983&amp;Itemid=573\"> OPOSICIONES INSPECCI\u00d3N 2019: Resoluci\u00f3n 15\/01\/19 censo, sorteo tribunales, voluntarios y alegaciones <\/a><\/td>\n<\/tr>\n<tr>\n<td><a href=\"https:\/\/sd.sidimurcia.org\/index2.php?option=com_content&amp;task=view&amp;id=12950&amp;Itemid=573\"> OPOSICIONES 2019: Decreto 248\/2018, de 19 de diciembre, por el que se aprueba la OEP de 2018 CARM <\/a><\/td>\n<\/tr>\n<\/tbody>\n<\/table>\n<table border=\"0\" width=\"100%\" cellspacing=\"0\" cellpadding=\"0\">\n<tbody>\n<tr>\n<td><a href=\"https:\/\/sd.sidimurcia.org\/index2.php?option=com_content&amp;task=view&amp;id=12809&amp;Itemid=573\">OPOSICIONES 2019: SIDI RECHAZA LA OFERTA DE EMPLEO AL NO ESTAR VINCULADA A LA ESTABILIDAD LABORAL. <\/a><\/td>\n<\/tr>\n<tr>\n<td><a href=\"https:\/\/sd.sidimurcia.org\/index2.php?option=com_content&amp;task=view&amp;id=12751&amp;Itemid=573\"> OPOSICIONES INSPECCI\u00d3N 2019: Anuncio Proyecto de orden de bases reguladoras y convocatoria. <\/a><\/td>\n<\/tr>\n<\/tbody>\n<\/table>\n","protected":false},"excerpt":{"rendered":"<p>RELACI\u00d3N DE ENLACES A NOTICIAS RELACIONADAS CON LAS OPOSICIONES DEL A\u00d1O 2019 OPOSICIONES 2019: Nombramiento de funcionarios en pr\u00e1cticas &#8211; &#8230; <a title=\"Oposiciones 2019\" class=\"read-more\" href=\"https:\/\/sidimurcia.org\/index.php\/oposiciones-2019\/\" aria-label=\"Leer m\u00e1s sobre Oposiciones 2019\">Leer mas<\/a><\/p>\n","protected":false},"author":1,"featured_media":0,"parent":0,"menu_order":0,"comment_status":"closed","ping_status":"closed","template":"","meta":{"footnotes":""},"class_list":["post-107","page","type-page","status-publish"],"yoast_head":"<!-- This site is optimized with the Yoast SEO plugin v27.2 - https:\/\/yoast.com\/product\/yoast-seo-wordpress\/ -->\n<title>Oposiciones 2019 - SIDI<\/title>\n<meta name=\"robots\" content=\"index, follow, max-snippet:-1, max-image-preview:large, max-video-preview:-1\" \/>\n<link rel=\"canonical\" href=\"https:\/\/sidimurcia.org\/index.php\/oposiciones-2019\/\" \/>\n<meta property=\"og:locale\" content=\"es_ES\" \/>\n<meta property=\"og:type\" content=\"article\" \/>\n<meta property=\"og:title\" content=\"Oposiciones 2019 - SIDI\" \/>\n<meta property=\"og:description\" content=\"RELACI\u00d3N DE ENLACES A NOTICIAS RELACIONADAS CON LAS OPOSICIONES DEL A\u00d1O 2019 OPOSICIONES 2019: Nombramiento de funcionarios en pr\u00e1cticas &#8211; ... Leer mas\" \/>\n<meta property=\"og:url\" content=\"https:\/\/sidimurcia.org\/index.php\/oposiciones-2019\/\" \/>\n<meta property=\"og:site_name\" content=\"SIDI\" \/>\n<meta property=\"article:publisher\" content=\"https:\/\/es-es.facebook.com\/sidi.sindicatodedocentes\" \/>\n<meta property=\"article:modified_time\" content=\"2022-03-02T20:33:14+00:00\" \/>\n<meta name=\"twitter:card\" content=\"summary_large_image\" \/>\n<meta name=\"twitter:site\" content=\"@SIDIMURCIA\" \/>\n<meta name=\"twitter:label1\" content=\"Tiempo de lectura\" \/>\n\t<meta name=\"twitter:data1\" content=\"3 minutos\" \/>\n<script type=\"application\/ld+json\" class=\"yoast-schema-graph\">{\"@context\":\"https:\/\/schema.org\",\"@graph\":[{\"@type\":\"WebPage\",\"@id\":\"https:\/\/sidimurcia.org\/index.php\/oposiciones-2019\/\",\"url\":\"https:\/\/sidimurcia.org\/index.php\/oposiciones-2019\/\",\"name\":\"Oposiciones 2019 - SIDI\",\"isPartOf\":{\"@id\":\"https:\/\/sidimurcia.org\/#website\"},\"datePublished\":\"2019-10-10T12:29:29+00:00\",\"dateModified\":\"2022-03-02T20:33:14+00:00\",\"breadcrumb\":{\"@id\":\"https:\/\/sidimurcia.org\/index.php\/oposiciones-2019\/#breadcrumb\"},\"inLanguage\":\"es\",\"potentialAction\":[{\"@type\":\"ReadAction\",\"target\":[\"https:\/\/sidimurcia.org\/index.php\/oposiciones-2019\/\"]}]},{\"@type\":\"BreadcrumbList\",\"@id\":\"https:\/\/sidimurcia.org\/index.php\/oposiciones-2019\/#breadcrumb\",\"itemListElement\":[{\"@type\":\"ListItem\",\"position\":1,\"name\":\"Portada\",\"item\":\"https:\/\/sidimurcia.org\/\"},{\"@type\":\"ListItem\",\"position\":2,\"name\":\"Oposiciones 2019\"}]},{\"@type\":\"WebSite\",\"@id\":\"https:\/\/sidimurcia.org\/#website\",\"url\":\"https:\/\/sidimurcia.org\/\",\"name\":\"SIDI\",\"description\":\"Sindicato Independiente de Docentes\",\"publisher\":{\"@id\":\"https:\/\/sidimurcia.org\/#organization\"},\"potentialAction\":[{\"@type\":\"SearchAction\",\"target\":{\"@type\":\"EntryPoint\",\"urlTemplate\":\"https:\/\/sidimurcia.org\/?s={search_term_string}\"},\"query-input\":{\"@type\":\"PropertyValueSpecification\",\"valueRequired\":true,\"valueName\":\"search_term_string\"}}],\"inLanguage\":\"es\"},{\"@type\":\"Organization\",\"@id\":\"https:\/\/sidimurcia.org\/#organization\",\"name\":\"Sindicato Independiente de Docentes - SIDI\",\"url\":\"https:\/\/sidimurcia.org\/\",\"logo\":{\"@type\":\"ImageObject\",\"inLanguage\":\"es\",\"@id\":\"https:\/\/sidimurcia.org\/#\/schema\/logo\/image\/\",\"url\":\"https:\/\/sidimurcia.org\/wp-content\/uploads\/cropped-PARAPESTANAWEB-1.jpg\",\"contentUrl\":\"https:\/\/sidimurcia.org\/wp-content\/uploads\/cropped-PARAPESTANAWEB-1.jpg\",\"width\":512,\"height\":512,\"caption\":\"Sindicato Independiente de Docentes - SIDI\"},\"image\":{\"@id\":\"https:\/\/sidimurcia.org\/#\/schema\/logo\/image\/\"},\"sameAs\":[\"https:\/\/es-es.facebook.com\/sidi.sindicatodedocentes\",\"https:\/\/x.com\/SIDIMURCIA\",\"https:\/\/www.instagram.com\/sidi_murcia\/\",\"https:\/\/www.youtube.com\/channel\/UCwwdL3uFtDKJdbOfmC70wIQ\"]}]}<\/script>\n<!-- \/ Yoast SEO plugin. -->","yoast_head_json":{"title":"Oposiciones 2019 - SIDI","robots":{"index":"index","follow":"follow","max-snippet":"max-snippet:-1","max-image-preview":"max-image-preview:large","max-video-preview":"max-video-preview:-1"},"canonical":"https:\/\/sidimurcia.org\/index.php\/oposiciones-2019\/","og_locale":"es_ES","og_type":"article","og_title":"Oposiciones 2019 - SIDI","og_description":"RELACI\u00d3N DE ENLACES A NOTICIAS RELACIONADAS CON LAS OPOSICIONES DEL A\u00d1O 2019 OPOSICIONES 2019: Nombramiento de funcionarios en pr\u00e1cticas &#8211; ... Leer mas","og_url":"https:\/\/sidimurcia.org\/index.php\/oposiciones-2019\/","og_site_name":"SIDI","article_publisher":"https:\/\/es-es.facebook.com\/sidi.sindicatodedocentes","article_modified_time":"2022-03-02T20:33:14+00:00","twitter_card":"summary_large_image","twitter_site":"@SIDIMURCIA","twitter_misc":{"Tiempo de lectura":"3 minutos"},"schema":{"@context":"https:\/\/schema.org","@graph":[{"@type":"WebPage","@id":"https:\/\/sidimurcia.org\/index.php\/oposiciones-2019\/","url":"https:\/\/sidimurcia.org\/index.php\/oposiciones-2019\/","name":"Oposiciones 2019 - SIDI","isPartOf":{"@id":"https:\/\/sidimurcia.org\/#website"},"datePublished":"2019-10-10T12:29:29+00:00","dateModified":"2022-03-02T20:33:14+00:00","breadcrumb":{"@id":"https:\/\/sidimurcia.org\/index.php\/oposiciones-2019\/#breadcrumb"},"inLanguage":"es","potentialAction":[{"@type":"ReadAction","target":["https:\/\/sidimurcia.org\/index.php\/oposiciones-2019\/"]}]},{"@type":"BreadcrumbList","@id":"https:\/\/sidimurcia.org\/index.php\/oposiciones-2019\/#breadcrumb","itemListElement":[{"@type":"ListItem","position":1,"name":"Portada","item":"https:\/\/sidimurcia.org\/"},{"@type":"ListItem","position":2,"name":"Oposiciones 2019"}]},{"@type":"WebSite","@id":"https:\/\/sidimurcia.org\/#website","url":"https:\/\/sidimurcia.org\/","name":"SIDI","description":"Sindicato Independiente de Docentes","publisher":{"@id":"https:\/\/sidimurcia.org\/#organization"},"potentialAction":[{"@type":"SearchAction","target":{"@type":"EntryPoint","urlTemplate":"https:\/\/sidimurcia.org\/?s={search_term_string}"},"query-input":{"@type":"PropertyValueSpecification","valueRequired":true,"valueName":"search_term_string"}}],"inLanguage":"es"},{"@type":"Organization","@id":"https:\/\/sidimurcia.org\/#organization","name":"Sindicato Independiente de Docentes - SIDI","url":"https:\/\/sidimurcia.org\/","logo":{"@type":"ImageObject","inLanguage":"es","@id":"https:\/\/sidimurcia.org\/#\/schema\/logo\/image\/","url":"https:\/\/sidimurcia.org\/wp-content\/uploads\/cropped-PARAPESTANAWEB-1.jpg","contentUrl":"https:\/\/sidimurcia.org\/wp-content\/uploads\/cropped-PARAPESTANAWEB-1.jpg","width":512,"height":512,"caption":"Sindicato Independiente de Docentes - SIDI"},"image":{"@id":"https:\/\/sidimurcia.org\/#\/schema\/logo\/image\/"},"sameAs":["https:\/\/es-es.facebook.com\/sidi.sindicatodedocentes","https:\/\/x.com\/SIDIMURCIA","https:\/\/www.instagram.com\/sidi_murcia\/","https:\/\/www.youtube.com\/channel\/UCwwdL3uFtDKJdbOfmC70wIQ"]}]}},"_links":{"self":[{"href":"https:\/\/sidimurcia.org\/index.php\/wp-json\/wp\/v2\/pages\/107","targetHints":{"allow":["GET"]}}],"collection":[{"href":"https:\/\/sidimurcia.org\/index.php\/wp-json\/wp\/v2\/pages"}],"about":[{"href":"https:\/\/sidimurcia.org\/index.php\/wp-json\/wp\/v2\/types\/page"}],"author":[{"embeddable":true,"href":"https:\/\/sidimurcia.org\/index.php\/wp-json\/wp\/v2\/users\/1"}],"replies":[{"embeddable":true,"href":"https:\/\/sidimurcia.org\/index.php\/wp-json\/wp\/v2\/comments?post=107"}],"version-history":[{"count":0,"href":"https:\/\/sidimurcia.org\/index.php\/wp-json\/wp\/v2\/pages\/107\/revisions"}],"wp:attachment":[{"href":"https:\/\/sidimurcia.org\/index.php\/wp-json\/wp\/v2\/media?parent=107"}],"curies":[{"name":"wp","href":"https:\/\/api.w.org\/{rel}","templated":true}]}}