{"id":10857,"date":"2021-10-20T09:30:31","date_gmt":"2021-10-20T09:30:31","guid":{"rendered":"https:\/\/sidimurcia.org\/?page_id=10857"},"modified":"2026-04-20T10:33:24","modified_gmt":"2026-04-20T10:33:24","slug":"acuerdo-de-interinos","status":"publish","type":"page","link":"https:\/\/sidimurcia.org\/index.php\/acuerdo-de-interinos\/","title":{"rendered":"Acuerdo de Interinos"},"content":{"rendered":"<table style=\"width: 100%;\">\n<tbody>\n<tr>\n<td style=\"width: 0.724113%;\" colspan=\"2\">\n<h3 style=\"text-align: justify;\"><span style=\"color: #d4458b; font-family: arial, helvetica, sans-serif;\">2026 &#8211; FUTURO ACUERDO DE INTERINOS. <span style=\"text-decoration: underline;\">EN VIGOR DESDE 1\/09\/26 A 31\/08\/31<\/span><\/span><\/h3>\n<ul>\n<li><span style=\"font-family: arial, helvetica, sans-serif; font-size: 16px;\"><a href=\"https:\/\/drive.google.com\/file\/d\/19dtm-gIjRVb_qzFmt-htIbhPQ2sEAbhA\/view?usp=sharing\">Texto valoraci\u00f3n acuerdo 2021\/2026<\/a><\/span><\/li>\n<li><span style=\"font-family: arial, helvetica, sans-serif; font-size: 16px;\"><a href=\"https:\/\/drive.google.com\/file\/d\/1vOiGtn7Dg1jKHBMfKuqyoco-rlzqUXAW\/view?usp=sharing\">TEXTO DEL NUEVO ACUERDO 2026-2031 que entrar\u00e1 en vigor el pr\u00f3ximo 1\/09\/2026<\/a><\/span><\/li>\n<li><span style=\"font-family: arial, helvetica, sans-serif;\"><strong>BORM 20\/04\/2026<\/strong> <a href=\"https:\/\/sidimurcia.org\/index.php\/2026\/04\/20\/resolucion-de-3-de-abril-de-2026-que-publica-en-el-borm-acuerdo-sobre-personal-docente-interino\/\"><span style=\"font-family: arial, helvetica, sans-serif;\">Resoluci\u00f3n de 13 de abril de 2026 de la Secretar\u00eda General de la Consejer\u00eda de Educaci\u00f3n y Formaci\u00f3n Profesional por la que se dispone la publicaci\u00f3n en el Bolet\u00edn Oficial de<\/span> la Regi\u00f3n de Murcia del Acuerdo sobre personal docente interino 2026.<\/a><\/span><\/li>\n<\/ul>\n<\/td>\n<\/tr>\n<tr>\n<td style=\"width: 0.724113%;\" colspan=\"2\" valign=\"top\">\n<h3 style=\"text-align: justify;\"><span style=\"color: #d4458b; font-family: arial, helvetica, sans-serif;\">2021 &#8211; ACTUAL ACUERDO DE INTERINOS. <span style=\"text-decoration: underline;\">EN VIGOR <span style=\"text-decoration: underline;\">DESDE<\/span> 1\/09\/21 A 31\/08\/26<\/span><\/span><\/h3>\n<ul style=\"text-align: justify;\">\n<li><span style=\"font-family: arial, helvetica, sans-serif;\">15-06-2021 <a href=\"https:\/\/sidimurcia.org\/index.php\/2021\/06\/15\/resolucion-de-3-de-junio-de-2021-que-publica-en-el-borm-acuerdo-sobre-personal-docente-interino\/\">Resoluci\u00f3n de 3 de junio de 2021 que publica en el BORM Acuerdo sobre personal docente interino<\/a><\/span><\/li>\n<li><span style=\"font-family: arial, helvetica, sans-serif;\">Oposiciones de 2022, 2023, 2024, 2025 y 2026<\/span><\/li>\n<\/ul>\n<h3 style=\"text-align: justify;\"><span style=\"color: #993366; font-family: arial, helvetica, sans-serif;\"><span style=\"color: #d4458b;\">Actas comisi\u00f3n de seguimiento del acuerdo de interinos de 2021.<\/span><br \/>\n<\/span><\/h3>\n<ul style=\"text-align: justify;\">\n<li><a href=\"https:\/\/drive.google.com\/file\/d\/1tZos_MBtSf_LBY3ual2B9-1-BjQUiMb7\/view?usp=sharing\"><span style=\"font-family: arial, helvetica, sans-serif;\">12\/01\/2023 &#8211; Sobre la configuraci\u00f3n del nuevo bloque III.<\/span><\/a><\/li>\n<li><span style=\"font-family: arial, helvetica, sans-serif;\"><a href=\"https:\/\/drive.google.com\/file\/d\/1mXpa6bwfY5hbV9rzvjESM8s0r3wHrqYh\/view?usp=sharing\">2023 acta comisi\u00f3n de seguimiento sesiones 9 y 15 de marzo de 2023: situaci\u00f3n listas tras cambios normativos LOE &#8211; LO 3\/22 y RD 800\/22<\/a><\/span><\/li>\n<li><span style=\"font-family: arial, helvetica, sans-serif;\"><a href=\"https:\/\/drive.google.com\/file\/d\/10e1WQFHqgbBacCPVVFDaJ7PegiytnpXy\/view?usp=sharing\">2023 acta comisi\u00f3n de seguimiento sesiones 20 y 24 de abril de 2023: interpretaci\u00f3n determinados procedimientos asociados a los actos de adjudicaci\u00f3n y listas de interinos.<\/a><\/span><\/li>\n<li><span style=\"font-family: arial, helvetica, sans-serif;\"><a href=\"https:\/\/drive.google.com\/file\/d\/1kAsW0KOVzjOvc9rQJdlXgIeZJ0oRzqR-\/view?usp=sharing\">8\/5\/2023 Acta comisi\u00f3n seguimiento 8 de mayo 2023 &#8211; listas de interinos e integraci\u00f3n de FP en secundaria.<\/a><\/span><\/li>\n<li><a href=\"https:\/\/drive.google.com\/file\/d\/1iiqwZlnXW2ArUfBxyiaWZMmkc7eO4pIf\/view?usp=sharing\"><span style=\"font-family: arial, helvetica, sans-serif;\">18\/10\/2024 &#8211; Acta comisi\u00f3n seguimiento listas agotadas y procedimiento permanente hasta fin de curso.<\/span><\/a><\/li>\n<li><a href=\"https:\/\/drive.google.com\/file\/d\/1MqsnCCMtmOTaFSmKaxKCqis_YlpdWQiI\/view?usp=sharing\"><span style=\"font-family: arial, helvetica, sans-serif;\">5\/12\/2024 &#8211; Acta comisi\u00f3n seguimiento &#8211; interpretaci\u00f3n de los criterios para procedimientos de urgencia de interinos de listas posteriores a 2013 a la hora de ordenarlos.<\/span><\/a><\/li>\n<\/ul>\n<hr \/>\n<h3 style=\"text-align: justify;\"><span style=\"color: #d4458b; font-family: arial, helvetica, sans-serif;\">2016 ACUERDO <span style=\"text-decoration: underline;\">ANTERIOR<\/span>. ESTUVO VIGENTE DESDE 2016 HASTA EL 31 DE AGOSTO 2021<\/span><\/h3>\n<div align=\"justify\">\n<ul>\n<li style=\"text-align: justify;\"><span style=\"font-family: arial, helvetica, sans-serif;\"><a href=\"https:\/\/sidimurcia.org\/archivo\/sidi\/index27023.html?option=com_content&amp;task=view&amp;id=9625&amp;Itemid=39\">VALORACI\u00d3N SIDI NUEVO ACUERDO DE INTERINOS<\/a><\/span><\/li>\n<li style=\"text-align: justify;\"><span style=\"font-family: arial, helvetica, sans-serif;\"><a href=\"https:\/\/www.borm.es\/borm\/documento?obj=anu&amp;id=744079\" target=\"_self\" rel=\"noopener noreferrer\">Resoluci\u00f3n de 11 de marzo de 2016 por la que se dispone la publicaci\u00f3n en el Bolet\u00edn Oficial de la Regi\u00f3n de Murcia del acuerdo sobre personal docente interino.<\/a><\/span><\/li>\n<li style=\"text-align: justify;\"><span style=\"font-family: arial, helvetica, sans-serif;\">Os recordamos que este acuerdo se aplica a las especialidades que a partir de ahora se vayan convocando a oposici\u00f3n. Si una especialidad no es convocada, la actual lista queda inalterada. OPOSICIONES 2018, 2019, 2021.<\/span><\/li>\n<li style=\"text-align: justify;\"><a href=\"https:\/\/web.archive.org\/web\/20170313143528\/http:\/\/sidimurcia.org\/images\/stories\/interinos\/comunicado_conjunto_acuerdo_interinos_19_2_2016.doc\"><span style=\"font-family: arial, helvetica, sans-serif;\"><strong>DOCUMENTO COMUNICADO CONJUNTO ORGANIZACIONES SINDICALES<\/strong><\/span><\/a><\/li>\n<li><a href=\"https:\/\/web.archive.org\/web\/20170314031656\/http:\/\/www.sidimurcia.org\/images\/stories\/interinos\/nota_info_valoracion_sidi_nuevo_acuerdo_interinos_22_2_2016.pdf\"><span style=\"font-family: arial, helvetica, sans-serif;\">VALORACI\u00d3N SIDI NUEVO ACUERDO DE INTERINOS 2016.<\/span><\/a><\/li>\n<\/ul>\n<p><a href=\"https:\/\/sidimurcia.org\/images\/stories\/interinos\/explica_acuerdo_2.jpg\" target=\"_self\" rel=\"noopener noreferrer\"><img loading=\"lazy\" decoding=\"async\" class=\"aligncenter\" src=\"https:\/\/sidimurcia.org\/images\/stories\/interinos\/explica_acuerdo_1.jpg\" width=\"593\" height=\"928\" border=\"0\" hspace=\"0\" vspace=\"0\" \/><\/a><img loading=\"lazy\" decoding=\"async\" class=\"aligncenter\" src=\"https:\/\/sidimurcia.org\/images\/stories\/interinos\/explica_acuerdo_2.jpg\" width=\"562\" height=\"831\" border=\"0\" hspace=\"0\" vspace=\"0\" \/><\/p>\n<\/div>\n<div align=\"justify\">\n<p><img loading=\"lazy\" decoding=\"async\" class=\"aligncenter\" src=\"https:\/\/sidimurcia.org\/images\/stories\/interinos\/explica_acuerdo_2.jpg\" width=\"562\" height=\"831\" border=\"0\" hspace=\"0\" vspace=\"0\" \/><\/p>\n<p><img loading=\"lazy\" decoding=\"async\" class=\"aligncenter\" src=\"https:\/\/sidimurcia.org\/images\/stories\/interinos\/explica_acuerdo_2.jpg\" width=\"562\" height=\"831\" border=\"0\" hspace=\"0\" vspace=\"0\" \/><\/p>\n<\/div>\n<\/td>\n<\/tr>\n<tr>\n<td style=\"width: 0.724113%;\" colspan=\"2\">\n<div align=\"justify\">\n<p><span style=\"font-size: 20px;\"><strong><span style=\"font-family: arial, helvetica, sans-serif; color: #3c48a9;\">ACUERDOS DE INTERINOS EN LA REGI\u00d3N DE MURCIA DESDE LA ASUNCI\u00d3N DE COMPETENCIAS EL 1\/7\/1999.<\/span><\/strong><\/span><\/p>\n<p>&nbsp;<\/p>\n<p><span class=\"x1rg5ohu x16dsc37 x19la9d6 x1fc57z9 x6ikm8r x10wlt62 x19co3pv x11tp94h xw4jnvo x1qx5ct2 xfibh0p xiy17q3 x1xsqp64 x1lkfr7t xexx8yu xyri2b x18d9i69 x1c1uobl\" style=\"font-family: arial, helvetica, sans-serif; font-size: 16px;\"><span class=\"xrtxmta x1bhl96m\">7\ufe0f\u20e3 <strong><span style=\"color: #d4458b;\">PR\u00d3XIMO ACUERDO DE INTERINOS. DESDE EL 1 DE SEPTIEMBRE DE 2026 A 31 DE AGOSTO DE 2031<\/span><\/strong><\/span><\/span><\/p>\n<ul>\n<li><span style=\"font-family: arial, helvetica, sans-serif; font-size: 16px;\"><a href=\"https:\/\/drive.google.com\/file\/d\/1vOiGtn7Dg1jKHBMfKuqyoco-rlzqUXAW\/view?usp=sharing\">TEXTO DEL NUEVO ACUERDO 2026-2031 que entrar\u00e1 en vigor el pr\u00f3ximo 1\/09\/2026<\/a><\/span><\/li>\n<\/ul>\n<p><strong><span style=\"font-family: arial, helvetica, sans-serif; font-size: 16px; color: #d4458b;\"><span class=\"x1rg5ohu x16dsc37 x19la9d6 x1fc57z9 x6ikm8r x10wlt62 x19co3pv x11tp94h xw4jnvo x1qx5ct2 xfibh0p xiy17q3 x1xsqp64 x1lkfr7t xexx8yu xyri2b x18d9i69 x1c1uobl\"><span class=\"xrtxmta x1bhl96m\">6\ufe0f\u20e3 <\/span><\/span>ACUERDO DE INTERINOS. DESDE EL 1 DE SEPTIEMBRE DE 2021 A 31 DE AGOSTO DE 2026.<\/span><\/strong><\/p>\n<ul>\n<li><span style=\"font-family: arial, helvetica, sans-serif; font-size: 16px;\">15-06-2021 <\/span><a href=\"https:\/\/sidimurcia.org\/index.php\/2021\/06\/15\/resolucion-de-3-de-junio-de-2021-que-publica-en-el-borm-acuerdo-sobre-personal-docente-interino\/\"><span style=\"font-family: arial, helvetica, sans-serif; font-size: 16px;\">Resoluci\u00f3n de 3 de junio de 2021 que publica en el BORM Acuerdo sobre personal docente interino <\/span><\/a><span style=\"font-family: arial, helvetica, sans-serif; font-size: 16px;\">(BORM 15\/06\/2021)<\/span><\/li>\n<\/ul>\n<p><span style=\"font-size: 16px;\"><strong><span style=\"color: #d4458b;\"><span style=\"font-family: arial, helvetica, sans-serif;\"><span style=\"font-family: arial, helvetica, sans-serif; font-size: 16px; color: #d4458b;\">5\ufe0f\u20e3 <\/span>ACUERDO DESDE 2016 HASTA EL 31 DE AGOSTO 2021<\/span><\/span><\/strong><\/span><\/p>\n<div align=\"justify\">\n<ul>\n<li><span style=\"font-family: arial, helvetica, sans-serif; font-size: 16px;\"><a href=\"https:\/\/sidimurcia.org\/archivo\/sidi\/index27023.html?option=com_content&amp;task=view&amp;id=9625&amp;Itemid=39\">VALORACI\u00d3N SIDI NUEVO ACUERDO DE INTERINOS<\/a><\/span><\/li>\n<li><span style=\"font-family: arial, helvetica, sans-serif; font-size: 16px;\"><a href=\"https:\/\/www.borm.es\/borm\/documento?obj=anu&amp;id=744079\" target=\"_self\" rel=\"noopener noreferrer\">Resoluci\u00f3n de 11 de marzo de 2016 por la que se dispone la publicaci\u00f3n en el Bolet\u00edn Oficial de la Regi\u00f3n de Murcia del acuerdo sobre personal docente interino.<\/a> (BORM 28\/03\/2016)<\/span><\/li>\n<\/ul>\n<\/div>\n<\/div>\n<div align=\"justify\"><span style=\"color: #d4458b; font-family: arial, helvetica, sans-serif; font-size: 16px;\"><strong><span style=\"font-size: 16px;\"><span style=\"color: #d4458b;\"><span style=\"font-family: arial, helvetica, sans-serif;\">4\ufe0f\u20e3 <\/span><\/span><\/span>DESACUERDO Y REGULACI\u00d3N UNILATERAL DE LAS LISTAS DE INTERINOS DOCENTES EN LA REGI\u00d3N DE MURCIA A PARTIR DEL CURSO 2014-15<\/strong><\/span><\/div>\n<ul>\n<li><span style=\"font-family: arial, helvetica, sans-serif; font-size: 16px;\"><a href=\"https:\/\/www.borm.es\/borm\/documento?obj=anu&amp;id=567383\">Resoluci\u00f3n de 3 de junio de 2013 por la que se dispone la publicaci\u00f3n en el Bolet\u00edn Oficial de la Regi\u00f3n de Murcia del \u00abAcuerdo de Consejo de Gobierno por el que se establecen las condiciones de la elaboraci\u00f3n de la normativa en relaci\u00f3n con la contrataci\u00f3n de personal interino para desempe\u00f1ar puestos docentes no universitarios que imparten las ense\u00f1anzas reguladas en la Ley 2\/2006, de 3 de mayo, de Educaci\u00f3n, en la Regi\u00f3n de Murcia\u00bb.<\/a><\/span><\/li>\n<\/ul>\n<p style=\"text-align: justify;\"><span style=\"font-family: arial, helvetica, sans-serif; font-size: 16px;\"><strong><span style=\"color: #d4458b;\"><span style=\"color: #d4458b; font-family: arial, helvetica, sans-serif; font-size: 16px;\">3\ufe0f\u20e3 <\/span>PRORROGA ACUERDO DESDE 2009 HASTA 31 AGOSTO 2013<\/span><\/strong>\u00a0<\/span><\/p>\n<ul>\n<li style=\"text-align: justify;\"><span style=\"font-family: arial, helvetica, sans-serif; font-size: 16px;\"><a href=\"https:\/\/www.borm.es\/borm\/documento?obj=anu&amp;id=386316\">Acuerdo para la provisi\u00f3n de puestos de trabajo de los cuerpos docentes no universitarios, en r\u00e9gimen de interinidad en centros dependientes de la CARM.<\/a> (BORM 9\/11\/2009)<\/span><\/li>\n<\/ul>\n<p><span style=\"font-family: arial, helvetica, sans-serif; font-size: 16px;\"><strong><span style=\"color: #d4458b;\">2\ufe0f\u20e3 ACUERDO DE INTERINOS 2004 HASTA 31 AGOSTO 2009<\/span><\/strong><\/span><\/p>\n<ul>\n<li><span style=\"font-family: arial, helvetica, sans-serif; font-size: 16px;\"><a href=\"https:\/\/www.borm.es\/services\/anuncio\/ano\/2004\/numero\/6637\/pdf?id=28290\">Resoluci\u00f3n de 6 de mayo de 2004, de la Consejer\u00eda de Hacienda, por la que se ordena la publicaci\u00f3n del acuerdo para la provisi\u00f3n de puestos de trabajo docentes no universitarios, en r\u00e9gimen de interinidad, en la Comunidad aut\u00f3noma de la Regi\u00f3n de Murcia.<\/a> (BORM 22\/05\/2004.).<\/span><\/li>\n<\/ul>\n<p><span style=\"font-family: arial, helvetica, sans-serif; font-size: 16px;\"><strong><span style=\"color: #d4458b;\">1\ufe0f\u20e3 <\/span><span style=\"color: #d4458b;\">ACUERDO DE INTERINOS 2000 &#8211; 2004<\/span><\/strong><\/span><\/p>\n<ul>\n<li><span style=\"font-family: arial, helvetica, sans-serif; font-size: 16px;\"><a href=\"https:\/\/www.borm.es\/services\/anuncio\/ano\/2000\/numero\/6911\/pdf?id=80930\">Resoluci\u00f3n de 8 de junio de 2000, de la Consejer\u00eda de Econom\u00eda y Hacienda, por la que se ordena la publicaci\u00f3n del Acuerdo para la provisi\u00f3n de puestos de trabajo docentes en r\u00e9gimen de interinidad en la Comunidad Aut\u00f3noma de la Regi\u00f3n de Murcia<\/a>.(BORM 23\/06\/2000)<\/span><\/li>\n<\/ul>\n<h3 style=\"text-align: justify;\"><\/h3>\n<\/td>\n<\/tr>\n<\/tbody>\n<\/table>\n<div class=\"back_button\" style=\"text-align: center;\"><\/div>\n","protected":false},"excerpt":{"rendered":"<p>2026 &#8211; FUTURO ACUERDO DE INTERINOS. EN VIGOR DESDE 1\/09\/26 A 31\/08\/31 Texto valoraci\u00f3n acuerdo 2021\/2026 TEXTO DEL NUEVO ACUERDO &#8230; <a title=\"Acuerdo de Interinos\" class=\"read-more\" href=\"https:\/\/sidimurcia.org\/index.php\/acuerdo-de-interinos\/\" aria-label=\"Leer m\u00e1s sobre Acuerdo de Interinos\">Leer mas<\/a><\/p>\n","protected":false},"author":1,"featured_media":0,"parent":0,"menu_order":0,"comment_status":"closed","ping_status":"closed","template":"","meta":{"footnotes":""},"class_list":["post-10857","page","type-page","status-publish"],"yoast_head":"<!-- This site is optimized with the Yoast SEO plugin v27.2 - https:\/\/yoast.com\/product\/yoast-seo-wordpress\/ -->\n<title>Acuerdo de Interinos - SIDI<\/title>\n<meta name=\"robots\" content=\"index, follow, max-snippet:-1, max-image-preview:large, max-video-preview:-1\" \/>\n<link rel=\"canonical\" href=\"https:\/\/sidimurcia.org\/index.php\/acuerdo-de-interinos\/\" \/>\n<meta property=\"og:locale\" content=\"es_ES\" \/>\n<meta property=\"og:type\" content=\"article\" \/>\n<meta property=\"og:title\" content=\"Acuerdo de Interinos - SIDI\" \/>\n<meta property=\"og:description\" content=\"2026 &#8211; FUTURO ACUERDO DE INTERINOS. EN VIGOR DESDE 1\/09\/26 A 31\/08\/31 Texto valoraci\u00f3n acuerdo 2021\/2026 TEXTO DEL NUEVO ACUERDO ... Leer mas\" \/>\n<meta property=\"og:url\" content=\"https:\/\/sidimurcia.org\/index.php\/acuerdo-de-interinos\/\" \/>\n<meta property=\"og:site_name\" content=\"SIDI\" \/>\n<meta property=\"article:publisher\" content=\"https:\/\/es-es.facebook.com\/sidi.sindicatodedocentes\" \/>\n<meta property=\"article:modified_time\" content=\"2026-04-20T10:33:24+00:00\" \/>\n<meta property=\"og:image\" content=\"https:\/\/sidimurcia.org\/images\/stories\/interinos\/explica_acuerdo_1.jpg\" \/>\n<meta name=\"twitter:card\" content=\"summary_large_image\" \/>\n<meta name=\"twitter:site\" content=\"@SIDIMURCIA\" \/>\n<meta name=\"twitter:label1\" content=\"Tiempo de lectura\" \/>\n\t<meta name=\"twitter:data1\" content=\"3 minutos\" \/>\n<script type=\"application\/ld+json\" class=\"yoast-schema-graph\">{\"@context\":\"https:\/\/schema.org\",\"@graph\":[{\"@type\":\"WebPage\",\"@id\":\"https:\/\/sidimurcia.org\/index.php\/acuerdo-de-interinos\/\",\"url\":\"https:\/\/sidimurcia.org\/index.php\/acuerdo-de-interinos\/\",\"name\":\"Acuerdo de Interinos - SIDI\",\"isPartOf\":{\"@id\":\"https:\/\/sidimurcia.org\/#website\"},\"primaryImageOfPage\":{\"@id\":\"https:\/\/sidimurcia.org\/index.php\/acuerdo-de-interinos\/#primaryimage\"},\"image\":{\"@id\":\"https:\/\/sidimurcia.org\/index.php\/acuerdo-de-interinos\/#primaryimage\"},\"thumbnailUrl\":\"https:\/\/sidimurcia.org\/images\/stories\/interinos\/explica_acuerdo_1.jpg\",\"datePublished\":\"2021-10-20T09:30:31+00:00\",\"dateModified\":\"2026-04-20T10:33:24+00:00\",\"breadcrumb\":{\"@id\":\"https:\/\/sidimurcia.org\/index.php\/acuerdo-de-interinos\/#breadcrumb\"},\"inLanguage\":\"es\",\"potentialAction\":[{\"@type\":\"ReadAction\",\"target\":[\"https:\/\/sidimurcia.org\/index.php\/acuerdo-de-interinos\/\"]}]},{\"@type\":\"ImageObject\",\"inLanguage\":\"es\",\"@id\":\"https:\/\/sidimurcia.org\/index.php\/acuerdo-de-interinos\/#primaryimage\",\"url\":\"https:\/\/sidimurcia.org\/images\/stories\/interinos\/explica_acuerdo_1.jpg\",\"contentUrl\":\"https:\/\/sidimurcia.org\/images\/stories\/interinos\/explica_acuerdo_1.jpg\"},{\"@type\":\"BreadcrumbList\",\"@id\":\"https:\/\/sidimurcia.org\/index.php\/acuerdo-de-interinos\/#breadcrumb\",\"itemListElement\":[{\"@type\":\"ListItem\",\"position\":1,\"name\":\"Portada\",\"item\":\"https:\/\/sidimurcia.org\/\"},{\"@type\":\"ListItem\",\"position\":2,\"name\":\"Acuerdo de Interinos\"}]},{\"@type\":\"WebSite\",\"@id\":\"https:\/\/sidimurcia.org\/#website\",\"url\":\"https:\/\/sidimurcia.org\/\",\"name\":\"SIDI\",\"description\":\"Sindicato Independiente de Docentes\",\"publisher\":{\"@id\":\"https:\/\/sidimurcia.org\/#organization\"},\"potentialAction\":[{\"@type\":\"SearchAction\",\"target\":{\"@type\":\"EntryPoint\",\"urlTemplate\":\"https:\/\/sidimurcia.org\/?s={search_term_string}\"},\"query-input\":{\"@type\":\"PropertyValueSpecification\",\"valueRequired\":true,\"valueName\":\"search_term_string\"}}],\"inLanguage\":\"es\"},{\"@type\":\"Organization\",\"@id\":\"https:\/\/sidimurcia.org\/#organization\",\"name\":\"Sindicato Independiente de Docentes - SIDI\",\"url\":\"https:\/\/sidimurcia.org\/\",\"logo\":{\"@type\":\"ImageObject\",\"inLanguage\":\"es\",\"@id\":\"https:\/\/sidimurcia.org\/#\/schema\/logo\/image\/\",\"url\":\"https:\/\/sidimurcia.org\/wp-content\/uploads\/cropped-PARAPESTANAWEB-1.jpg\",\"contentUrl\":\"https:\/\/sidimurcia.org\/wp-content\/uploads\/cropped-PARAPESTANAWEB-1.jpg\",\"width\":512,\"height\":512,\"caption\":\"Sindicato Independiente de Docentes - SIDI\"},\"image\":{\"@id\":\"https:\/\/sidimurcia.org\/#\/schema\/logo\/image\/\"},\"sameAs\":[\"https:\/\/es-es.facebook.com\/sidi.sindicatodedocentes\",\"https:\/\/x.com\/SIDIMURCIA\",\"https:\/\/www.instagram.com\/sidi_murcia\/\",\"https:\/\/www.youtube.com\/channel\/UCwwdL3uFtDKJdbOfmC70wIQ\"]}]}<\/script>\n<!-- \/ Yoast SEO plugin. -->","yoast_head_json":{"title":"Acuerdo de Interinos - SIDI","robots":{"index":"index","follow":"follow","max-snippet":"max-snippet:-1","max-image-preview":"max-image-preview:large","max-video-preview":"max-video-preview:-1"},"canonical":"https:\/\/sidimurcia.org\/index.php\/acuerdo-de-interinos\/","og_locale":"es_ES","og_type":"article","og_title":"Acuerdo de Interinos - SIDI","og_description":"2026 &#8211; FUTURO ACUERDO DE INTERINOS. EN VIGOR DESDE 1\/09\/26 A 31\/08\/31 Texto valoraci\u00f3n acuerdo 2021\/2026 TEXTO DEL NUEVO ACUERDO ... Leer mas","og_url":"https:\/\/sidimurcia.org\/index.php\/acuerdo-de-interinos\/","og_site_name":"SIDI","article_publisher":"https:\/\/es-es.facebook.com\/sidi.sindicatodedocentes","article_modified_time":"2026-04-20T10:33:24+00:00","og_image":[{"url":"https:\/\/sidimurcia.org\/images\/stories\/interinos\/explica_acuerdo_1.jpg","type":"","width":"","height":""}],"twitter_card":"summary_large_image","twitter_site":"@SIDIMURCIA","twitter_misc":{"Tiempo de lectura":"3 minutos"},"schema":{"@context":"https:\/\/schema.org","@graph":[{"@type":"WebPage","@id":"https:\/\/sidimurcia.org\/index.php\/acuerdo-de-interinos\/","url":"https:\/\/sidimurcia.org\/index.php\/acuerdo-de-interinos\/","name":"Acuerdo de Interinos - SIDI","isPartOf":{"@id":"https:\/\/sidimurcia.org\/#website"},"primaryImageOfPage":{"@id":"https:\/\/sidimurcia.org\/index.php\/acuerdo-de-interinos\/#primaryimage"},"image":{"@id":"https:\/\/sidimurcia.org\/index.php\/acuerdo-de-interinos\/#primaryimage"},"thumbnailUrl":"https:\/\/sidimurcia.org\/images\/stories\/interinos\/explica_acuerdo_1.jpg","datePublished":"2021-10-20T09:30:31+00:00","dateModified":"2026-04-20T10:33:24+00:00","breadcrumb":{"@id":"https:\/\/sidimurcia.org\/index.php\/acuerdo-de-interinos\/#breadcrumb"},"inLanguage":"es","potentialAction":[{"@type":"ReadAction","target":["https:\/\/sidimurcia.org\/index.php\/acuerdo-de-interinos\/"]}]},{"@type":"ImageObject","inLanguage":"es","@id":"https:\/\/sidimurcia.org\/index.php\/acuerdo-de-interinos\/#primaryimage","url":"https:\/\/sidimurcia.org\/images\/stories\/interinos\/explica_acuerdo_1.jpg","contentUrl":"https:\/\/sidimurcia.org\/images\/stories\/interinos\/explica_acuerdo_1.jpg"},{"@type":"BreadcrumbList","@id":"https:\/\/sidimurcia.org\/index.php\/acuerdo-de-interinos\/#breadcrumb","itemListElement":[{"@type":"ListItem","position":1,"name":"Portada","item":"https:\/\/sidimurcia.org\/"},{"@type":"ListItem","position":2,"name":"Acuerdo de Interinos"}]},{"@type":"WebSite","@id":"https:\/\/sidimurcia.org\/#website","url":"https:\/\/sidimurcia.org\/","name":"SIDI","description":"Sindicato Independiente de Docentes","publisher":{"@id":"https:\/\/sidimurcia.org\/#organization"},"potentialAction":[{"@type":"SearchAction","target":{"@type":"EntryPoint","urlTemplate":"https:\/\/sidimurcia.org\/?s={search_term_string}"},"query-input":{"@type":"PropertyValueSpecification","valueRequired":true,"valueName":"search_term_string"}}],"inLanguage":"es"},{"@type":"Organization","@id":"https:\/\/sidimurcia.org\/#organization","name":"Sindicato Independiente de Docentes - SIDI","url":"https:\/\/sidimurcia.org\/","logo":{"@type":"ImageObject","inLanguage":"es","@id":"https:\/\/sidimurcia.org\/#\/schema\/logo\/image\/","url":"https:\/\/sidimurcia.org\/wp-content\/uploads\/cropped-PARAPESTANAWEB-1.jpg","contentUrl":"https:\/\/sidimurcia.org\/wp-content\/uploads\/cropped-PARAPESTANAWEB-1.jpg","width":512,"height":512,"caption":"Sindicato Independiente de Docentes - SIDI"},"image":{"@id":"https:\/\/sidimurcia.org\/#\/schema\/logo\/image\/"},"sameAs":["https:\/\/es-es.facebook.com\/sidi.sindicatodedocentes","https:\/\/x.com\/SIDIMURCIA","https:\/\/www.instagram.com\/sidi_murcia\/","https:\/\/www.youtube.com\/channel\/UCwwdL3uFtDKJdbOfmC70wIQ"]}]}},"_links":{"self":[{"href":"https:\/\/sidimurcia.org\/index.php\/wp-json\/wp\/v2\/pages\/10857","targetHints":{"allow":["GET"]}}],"collection":[{"href":"https:\/\/sidimurcia.org\/index.php\/wp-json\/wp\/v2\/pages"}],"about":[{"href":"https:\/\/sidimurcia.org\/index.php\/wp-json\/wp\/v2\/types\/page"}],"author":[{"embeddable":true,"href":"https:\/\/sidimurcia.org\/index.php\/wp-json\/wp\/v2\/users\/1"}],"replies":[{"embeddable":true,"href":"https:\/\/sidimurcia.org\/index.php\/wp-json\/wp\/v2\/comments?post=10857"}],"version-history":[{"count":17,"href":"https:\/\/sidimurcia.org\/index.php\/wp-json\/wp\/v2\/pages\/10857\/revisions"}],"predecessor-version":[{"id":28128,"href":"https:\/\/sidimurcia.org\/index.php\/wp-json\/wp\/v2\/pages\/10857\/revisions\/28128"}],"wp:attachment":[{"href":"https:\/\/sidimurcia.org\/index.php\/wp-json\/wp\/v2\/media?parent=10857"}],"curies":[{"name":"wp","href":"https:\/\/api.w.org\/{rel}","templated":true}]}}