{"id":204,"date":"2019-10-10T16:00:51","date_gmt":"2019-10-10T16:00:51","guid":{"rendered":"https:\/\/sidimurcia.org\/wp\/?page_id=204"},"modified":"2019-12-11T09:32:35","modified_gmt":"2019-12-11T09:32:35","slug":"fp-centros-integrados","status":"publish","type":"page","link":"https:\/\/sidimurcia.org\/index.php\/fp-centros-integrados\/","title":{"rendered":"FP &#8211; Centros Integrados"},"content":{"rendered":"<table border=\"0\" width=\"100%\" cellspacing=\"0\" cellpadding=\"0\">\n<tbody>\n<tr>\n<td><a href=\"https:\/\/sidimurcia.org\/sd\/index2.php?option=com_content&amp;task=view&amp;id=4623&amp;Itemid=507\">Nombramiento de los miembros del Consejo Social del Centro Integrado de FP n\u00famero 3 de Cartagena <\/a><\/td>\n<\/tr>\n<tr>\n<td><a href=\"https:\/\/sidimurcia.org\/sd\/index2.php?option=com_content&amp;task=view&amp;id=3959&amp;Itemid=507\"> Creaci\u00f3n de los Centros Integrados de Hosteler\u00eda y Turismo y n\u00famero 3 de Cartagena. <\/a><\/td>\n<\/tr>\n<tr>\n<td><a href=\"https:\/\/sidimurcia.org\/sd\/index2.php?option=com_content&amp;task=view&amp;id=3938&amp;Itemid=507\"> Consejo de Gobierno autoriza la creaci\u00f3n de dos nuevos centros integrados de formaci\u00f3n profesional. <\/a><\/td>\n<\/tr>\n<tr>\n<td><a href=\"https:\/\/sidimurcia.org\/sd\/index2.php?option=com_content&amp;task=view&amp;id=3642&amp;Itemid=507\"> Correcci\u00f3n errores consejo del CIFP de Lorca. <\/a><\/td>\n<\/tr>\n<tr>\n<td><a href=\"https:\/\/sidimurcia.org\/sd\/index2.php?option=com_content&amp;task=view&amp;id=3561&amp;Itemid=507\"> Adscripci\u00f3n de determinado profesorado, con car\u00e1cter definitivo, al CIFP Carlos III de Cartagena. <\/a><\/td>\n<\/tr>\n<tr>\n<td><a href=\"https:\/\/sidimurcia.org\/sd\/index2.php?option=com_content&amp;task=view&amp;id=3478&amp;Itemid=507\"> Nombramiento Consejo Social del Centro Integrado de Formaci\u00f3n Profesional Carlos III de Cartagena <\/a><\/td>\n<\/tr>\n<tr>\n<td><a href=\"https:\/\/sidimurcia.org\/sd\/index2.php?option=com_content&amp;task=view&amp;id=3477&amp;Itemid=507\"> Nombramiento Consejo Social del Centro Integrado de Formaci\u00f3n Profesional de Lorca <\/a><\/td>\n<\/tr>\n<tr>\n<td><a href=\"https:\/\/sidimurcia.org\/sd\/index2.php?option=com_content&amp;task=view&amp;id=3395&amp;Itemid=507\"> Adscripci\u00f3n de profesorado al CIFP Carlos III de Cartagena <\/a><\/td>\n<\/tr>\n<tr>\n<td><a href=\"https:\/\/sidimurcia.org\/sd\/index2.php?option=com_content&amp;task=view&amp;id=3210&amp;Itemid=507\"> Gu\u00edas pr\u00e1cticas para tutores de FCT <\/a><\/td>\n<\/tr>\n<tr>\n<td><a href=\"https:\/\/sidimurcia.org\/sd\/index2.php?option=com_content&amp;task=view&amp;id=3174&amp;Itemid=507\"> Centros integrados. Departamentos did\u00e1cticos de FOL e Idiomas <\/a><\/td>\n<\/tr>\n<tr>\n<td><a href=\"https:\/\/sidimurcia.org\/sd\/index2.php?option=com_content&amp;task=view&amp;id=3155&amp;Itemid=507\"> Departamentos de FOL e Idiomas en los Centros Integrados de Formaci\u00f3n Profesional <\/a><\/td>\n<\/tr>\n<tr>\n<td><a href=\"https:\/\/sidimurcia.org\/sd\/index2.php?option=com_content&amp;task=view&amp;id=3149&amp;Itemid=507\"> \u00daltimo borrador de Reglamento de los Centros Integrados de Formaci\u00f3n Profesional. <\/a><\/td>\n<\/tr>\n<tr>\n<td><a href=\"https:\/\/sidimurcia.org\/sd\/index2.php?option=com_content&amp;task=view&amp;id=3132&amp;Itemid=507\"> Centros Integrados de formaci\u00f3n profesional de titularidad p\u00fablica de la CARM. Borrador de decreto. <\/a><\/td>\n<\/tr>\n<tr>\n<td><a href=\"https:\/\/sidimurcia.org\/sd\/index2.php?option=com_content&amp;task=view&amp;id=3061&amp;Itemid=507\"> Jueces de Paz educativos en 68 centros de la CARM <\/a><\/td>\n<\/tr>\n<tr>\n<td><a href=\"https:\/\/sidimurcia.org\/sd\/index2.php?option=com_content&amp;task=view&amp;id=3021&amp;Itemid=507\"> Centros integrados. Adscripci\u00f3n de profesorado al Centro Integrado de Formaci\u00f3n Profesional de Lorca <\/a><\/td>\n<\/tr>\n<tr>\n<td><a href=\"https:\/\/sidimurcia.org\/sd\/index2.php?option=com_content&amp;task=view&amp;id=2981&amp;Itemid=507\"> Asturias: Proyecto de decreto de estructura y r\u00e9gimen de funcionamiento de Centros integrados de FP <\/a><\/td>\n<\/tr>\n<tr>\n<td><a href=\"https:\/\/sidimurcia.org\/sd\/index2.php?option=com_content&amp;task=view&amp;id=2972&amp;Itemid=507\"> Centros integrados. Cesi\u00f3n uso terreno Consorcio del Campus Universitario de Lorca <\/a><\/td>\n<\/tr>\n<tr>\n<td><a href=\"https:\/\/sidimurcia.org\/sd\/index2.php?option=com_content&amp;task=view&amp;id=2864&amp;Itemid=507\"> Reuni\u00f3n profesorado de FOL <\/a><\/td>\n<\/tr>\n<tr>\n<td><a href=\"https:\/\/sidimurcia.org\/sd\/index2.php?option=com_content&amp;task=view&amp;id=2837&amp;Itemid=507\"> Creaci\u00f3n del Centro Integrado de Formaci\u00f3n Profesional de Lorca <\/a><\/td>\n<\/tr>\n<tr>\n<td><a href=\"https:\/\/sidimurcia.org\/sd\/index2.php?option=com_content&amp;task=view&amp;id=2836&amp;Itemid=507\"> Creaci\u00f3n del Centro Integrado de Formaci\u00f3n Profesional Carlos III de Cartagena <\/a><\/td>\n<\/tr>\n<tr>\n<td><a href=\"https:\/\/sidimurcia.org\/sd\/index2.php?option=com_content&amp;task=view&amp;id=2801&amp;Itemid=507\"> Creaci\u00f3n del Centro Integrado de Formaci\u00f3n Profesional de Lorca <\/a><\/td>\n<\/tr>\n<tr>\n<td><a href=\"https:\/\/sidimurcia.org\/sd\/index2.php?option=com_content&amp;task=view&amp;id=2585&amp;Itemid=507\"> Centros integrados de formaci\u00f3n profesional en la Regi\u00f3n de Murcia. <\/a><\/td>\n<\/tr>\n<tr>\n<td><a href=\"https:\/\/sidimurcia.org\/sd\/index2.php?option=com_content&amp;task=view&amp;id=1780&amp;Itemid=507\"> Publicado Decreto que regula los Centros Integrados de Formaci\u00f3n Profesional en la Regi\u00f3n de Murcia. <\/a><\/td>\n<\/tr>\n<\/tbody>\n<\/table>\n<p>Antiguo enlace <a href=\"https:\/\/sidimurcia.org\/sd\/index2.php?option=com_content&amp;task=category&amp;sectionid=24&amp;id=175&amp;Itemid=507\">PULSANDO AQU\u00cd<\/a><\/p>\n","protected":false},"excerpt":{"rendered":"<p>Nombramiento de los miembros del Consejo Social del Centro Integrado de FP n\u00famero 3 de Cartagena Creaci\u00f3n de los Centros &#8230; <a title=\"FP &#8211; Centros Integrados\" class=\"read-more\" href=\"https:\/\/sidimurcia.org\/index.php\/fp-centros-integrados\/\" aria-label=\"Leer m\u00e1s sobre FP &#8211; Centros Integrados\">Leer mas<\/a><\/p>\n","protected":false},"author":1,"featured_media":0,"parent":0,"menu_order":0,"comment_status":"closed","ping_status":"closed","template":"","meta":{"footnotes":""},"class_list":["post-204","page","type-page","status-publish"],"yoast_head":"<!-- This site is optimized with the Yoast SEO plugin v27.2 - https:\/\/yoast.com\/product\/yoast-seo-wordpress\/ -->\n<title>FP - Centros Integrados - SIDI<\/title>\n<meta name=\"robots\" content=\"index, follow, max-snippet:-1, max-image-preview:large, max-video-preview:-1\" \/>\n<link rel=\"canonical\" href=\"https:\/\/sidimurcia.org\/index.php\/fp-centros-integrados\/\" \/>\n<meta property=\"og:locale\" content=\"es_ES\" \/>\n<meta property=\"og:type\" content=\"article\" \/>\n<meta property=\"og:title\" content=\"FP - Centros Integrados - SIDI\" \/>\n<meta property=\"og:description\" content=\"Nombramiento de los miembros del Consejo Social del Centro Integrado de FP n\u00famero 3 de Cartagena Creaci\u00f3n de los Centros ... Leer mas\" \/>\n<meta property=\"og:url\" content=\"https:\/\/sidimurcia.org\/index.php\/fp-centros-integrados\/\" \/>\n<meta property=\"og:site_name\" content=\"SIDI\" \/>\n<meta property=\"article:publisher\" content=\"https:\/\/es-es.facebook.com\/sidi.sindicatodedocentes\" \/>\n<meta property=\"article:modified_time\" content=\"2019-12-11T09:32:35+00:00\" \/>\n<meta name=\"twitter:card\" content=\"summary_large_image\" \/>\n<meta name=\"twitter:site\" content=\"@SIDIMURCIA\" \/>\n<meta name=\"twitter:label1\" content=\"Tiempo de lectura\" \/>\n\t<meta name=\"twitter:data1\" content=\"1 minuto\" \/>\n<script type=\"application\/ld+json\" class=\"yoast-schema-graph\">{\"@context\":\"https:\/\/schema.org\",\"@graph\":[{\"@type\":\"WebPage\",\"@id\":\"https:\/\/sidimurcia.org\/index.php\/fp-centros-integrados\/\",\"url\":\"https:\/\/sidimurcia.org\/index.php\/fp-centros-integrados\/\",\"name\":\"FP - Centros Integrados - SIDI\",\"isPartOf\":{\"@id\":\"https:\/\/sidimurcia.org\/#website\"},\"datePublished\":\"2019-10-10T16:00:51+00:00\",\"dateModified\":\"2019-12-11T09:32:35+00:00\",\"breadcrumb\":{\"@id\":\"https:\/\/sidimurcia.org\/index.php\/fp-centros-integrados\/#breadcrumb\"},\"inLanguage\":\"es\",\"potentialAction\":[{\"@type\":\"ReadAction\",\"target\":[\"https:\/\/sidimurcia.org\/index.php\/fp-centros-integrados\/\"]}]},{\"@type\":\"BreadcrumbList\",\"@id\":\"https:\/\/sidimurcia.org\/index.php\/fp-centros-integrados\/#breadcrumb\",\"itemListElement\":[{\"@type\":\"ListItem\",\"position\":1,\"name\":\"Portada\",\"item\":\"https:\/\/sidimurcia.org\/\"},{\"@type\":\"ListItem\",\"position\":2,\"name\":\"FP &#8211; Centros Integrados\"}]},{\"@type\":\"WebSite\",\"@id\":\"https:\/\/sidimurcia.org\/#website\",\"url\":\"https:\/\/sidimurcia.org\/\",\"name\":\"SIDI\",\"description\":\"Sindicato Independiente de Docentes\",\"publisher\":{\"@id\":\"https:\/\/sidimurcia.org\/#organization\"},\"potentialAction\":[{\"@type\":\"SearchAction\",\"target\":{\"@type\":\"EntryPoint\",\"urlTemplate\":\"https:\/\/sidimurcia.org\/?s={search_term_string}\"},\"query-input\":{\"@type\":\"PropertyValueSpecification\",\"valueRequired\":true,\"valueName\":\"search_term_string\"}}],\"inLanguage\":\"es\"},{\"@type\":\"Organization\",\"@id\":\"https:\/\/sidimurcia.org\/#organization\",\"name\":\"Sindicato Independiente de Docentes - SIDI\",\"url\":\"https:\/\/sidimurcia.org\/\",\"logo\":{\"@type\":\"ImageObject\",\"inLanguage\":\"es\",\"@id\":\"https:\/\/sidimurcia.org\/#\/schema\/logo\/image\/\",\"url\":\"https:\/\/sidimurcia.org\/wp-content\/uploads\/cropped-PARAPESTANAWEB-1.jpg\",\"contentUrl\":\"https:\/\/sidimurcia.org\/wp-content\/uploads\/cropped-PARAPESTANAWEB-1.jpg\",\"width\":512,\"height\":512,\"caption\":\"Sindicato Independiente de Docentes - SIDI\"},\"image\":{\"@id\":\"https:\/\/sidimurcia.org\/#\/schema\/logo\/image\/\"},\"sameAs\":[\"https:\/\/es-es.facebook.com\/sidi.sindicatodedocentes\",\"https:\/\/x.com\/SIDIMURCIA\",\"https:\/\/www.instagram.com\/sidi_murcia\/\",\"https:\/\/www.youtube.com\/channel\/UCwwdL3uFtDKJdbOfmC70wIQ\"]}]}<\/script>\n<!-- \/ Yoast SEO plugin. -->","yoast_head_json":{"title":"FP - Centros Integrados - SIDI","robots":{"index":"index","follow":"follow","max-snippet":"max-snippet:-1","max-image-preview":"max-image-preview:large","max-video-preview":"max-video-preview:-1"},"canonical":"https:\/\/sidimurcia.org\/index.php\/fp-centros-integrados\/","og_locale":"es_ES","og_type":"article","og_title":"FP - Centros Integrados - SIDI","og_description":"Nombramiento de los miembros del Consejo Social del Centro Integrado de FP n\u00famero 3 de Cartagena Creaci\u00f3n de los Centros ... Leer mas","og_url":"https:\/\/sidimurcia.org\/index.php\/fp-centros-integrados\/","og_site_name":"SIDI","article_publisher":"https:\/\/es-es.facebook.com\/sidi.sindicatodedocentes","article_modified_time":"2019-12-11T09:32:35+00:00","twitter_card":"summary_large_image","twitter_site":"@SIDIMURCIA","twitter_misc":{"Tiempo de lectura":"1 minuto"},"schema":{"@context":"https:\/\/schema.org","@graph":[{"@type":"WebPage","@id":"https:\/\/sidimurcia.org\/index.php\/fp-centros-integrados\/","url":"https:\/\/sidimurcia.org\/index.php\/fp-centros-integrados\/","name":"FP - Centros Integrados - SIDI","isPartOf":{"@id":"https:\/\/sidimurcia.org\/#website"},"datePublished":"2019-10-10T16:00:51+00:00","dateModified":"2019-12-11T09:32:35+00:00","breadcrumb":{"@id":"https:\/\/sidimurcia.org\/index.php\/fp-centros-integrados\/#breadcrumb"},"inLanguage":"es","potentialAction":[{"@type":"ReadAction","target":["https:\/\/sidimurcia.org\/index.php\/fp-centros-integrados\/"]}]},{"@type":"BreadcrumbList","@id":"https:\/\/sidimurcia.org\/index.php\/fp-centros-integrados\/#breadcrumb","itemListElement":[{"@type":"ListItem","position":1,"name":"Portada","item":"https:\/\/sidimurcia.org\/"},{"@type":"ListItem","position":2,"name":"FP &#8211; Centros Integrados"}]},{"@type":"WebSite","@id":"https:\/\/sidimurcia.org\/#website","url":"https:\/\/sidimurcia.org\/","name":"SIDI","description":"Sindicato Independiente de Docentes","publisher":{"@id":"https:\/\/sidimurcia.org\/#organization"},"potentialAction":[{"@type":"SearchAction","target":{"@type":"EntryPoint","urlTemplate":"https:\/\/sidimurcia.org\/?s={search_term_string}"},"query-input":{"@type":"PropertyValueSpecification","valueRequired":true,"valueName":"search_term_string"}}],"inLanguage":"es"},{"@type":"Organization","@id":"https:\/\/sidimurcia.org\/#organization","name":"Sindicato Independiente de Docentes - SIDI","url":"https:\/\/sidimurcia.org\/","logo":{"@type":"ImageObject","inLanguage":"es","@id":"https:\/\/sidimurcia.org\/#\/schema\/logo\/image\/","url":"https:\/\/sidimurcia.org\/wp-content\/uploads\/cropped-PARAPESTANAWEB-1.jpg","contentUrl":"https:\/\/sidimurcia.org\/wp-content\/uploads\/cropped-PARAPESTANAWEB-1.jpg","width":512,"height":512,"caption":"Sindicato Independiente de Docentes - SIDI"},"image":{"@id":"https:\/\/sidimurcia.org\/#\/schema\/logo\/image\/"},"sameAs":["https:\/\/es-es.facebook.com\/sidi.sindicatodedocentes","https:\/\/x.com\/SIDIMURCIA","https:\/\/www.instagram.com\/sidi_murcia\/","https:\/\/www.youtube.com\/channel\/UCwwdL3uFtDKJdbOfmC70wIQ"]}]}},"_links":{"self":[{"href":"https:\/\/sidimurcia.org\/index.php\/wp-json\/wp\/v2\/pages\/204","targetHints":{"allow":["GET"]}}],"collection":[{"href":"https:\/\/sidimurcia.org\/index.php\/wp-json\/wp\/v2\/pages"}],"about":[{"href":"https:\/\/sidimurcia.org\/index.php\/wp-json\/wp\/v2\/types\/page"}],"author":[{"embeddable":true,"href":"https:\/\/sidimurcia.org\/index.php\/wp-json\/wp\/v2\/users\/1"}],"replies":[{"embeddable":true,"href":"https:\/\/sidimurcia.org\/index.php\/wp-json\/wp\/v2\/comments?post=204"}],"version-history":[{"count":0,"href":"https:\/\/sidimurcia.org\/index.php\/wp-json\/wp\/v2\/pages\/204\/revisions"}],"wp:attachment":[{"href":"https:\/\/sidimurcia.org\/index.php\/wp-json\/wp\/v2\/media?parent=204"}],"curies":[{"name":"wp","href":"https:\/\/api.w.org\/{rel}","templated":true}]}}