{"id":2998,"date":"2020-02-25T10:10:22","date_gmt":"2020-02-25T10:10:22","guid":{"rendered":"https:\/\/sidimurcia.org\/?page_id=2998"},"modified":"2021-07-16T09:24:00","modified_gmt":"2021-07-16T09:24:00","slug":"dni-electronico","status":"publish","type":"page","link":"https:\/\/sidimurcia.org\/index.php\/dni-electronico\/","title":{"rendered":"DNI-Electr\u00f3nico"},"content":{"rendered":"<p><img loading=\"lazy\" decoding=\"async\" class=\"\" src=\"https:\/\/sidimurcia.org\/wp-content\/uploads\/word-image-4-300x224.jpeg\" alt=\"\" width=\"206\" height=\"154\" \/><\/p>\n<p><span style=\"font-size: 20px;\"><strong>INTRODUCCI\u00d3N.<\/strong><\/span><\/p>\n<p style=\"text-align: justify;\">El DNI, que todos disponemos, contiene un chip en cuya memoria se encuentra alojado un certificado digital que nos identifica en transacciones electr\u00f3nicas.<\/p>\n<p style=\"text-align: justify;\"><img loading=\"lazy\" decoding=\"async\" class=\"wp-image-3000 alignleft\" src=\"https:\/\/sidimurcia.org\/wp-content\/uploads\/word-image-5.jpeg\" width=\"80\" height=\"80\" \/> Para poder utilizarlo, necesitamos disponer de un lector de tarjetas que permita traspasar el certificado digital al PC.<\/p>\n<p style=\"text-align: justify;\"><img loading=\"lazy\" decoding=\"async\" class=\"wp-image-3001 alignright\" src=\"https:\/\/sidimurcia.org\/wp-content\/uploads\/word-image-6.jpeg\" width=\"92\" height=\"49\" \/> El lector se conecta al PC mediante cable USB aunque podemos disponer de un teclado con un lector de tarjetas integrado.<\/p>\n<p style=\"text-align: justify;\">En relaci\u00f3n al software necesario para su funcionamiento, necesitar\u00edamos:<\/p>\n<ol>\n<li>El software para el reconocimiento del certificado digital dentro del DNI electr\u00f3nico.<\/li>\n<li>El software necesario para el funcionamiento del lector de tarjetas inteligentes.<\/li>\n<li>El software que nos permita firmar digitalmente cuando sea necesario (Autofirma)<\/li>\n<\/ol>\n<p style=\"text-align: justify;\">En principio, en cuanto a los puntos 1 y 2 anteriores, el software que descargamos para identificar el certificado del DNI electr\u00f3nico, lleva integrado un software gen\u00e9rico para el reconocimiento del lector de tarjetas, que, junto al sistema de instalaci\u00f3n de drivers del Sistema Operativo, deber\u00eda ser suficiente para que tanto el lector como el certificado sean reconocidos por el PC.<\/p>\n<p><span style=\"font-size: 20px;\"><strong>SOFTWARE NECESARIO PARA EL RECONOCIMIENTO DEL DNI ELECTR\u00d3NICO:<\/strong><\/span><\/p>\n<p>El software se encuentra alojado en la secci\u00f3n de descargas de la p\u00e1gina <a href=\"http:\/\/www.dnielectronico.es\" target=\"_blank\" rel=\"noopener\">www.dnielectronico.es<\/a>.<\/p>\n<p><span style=\"text-decoration: underline; color: #008000;\"><strong>Los enlaces directos para proceder a la descarga del software necesario son:<\/strong><\/span><\/p>\n<p style=\"padding-left: 40px;\"><span style=\"font-size: 20px;\"><strong>1. Si tiene un Sistema Operativo Windows:<\/strong><\/span><\/p>\n<ul>\n<li style=\"list-style-type: none;\">\n<ul style=\"list-style-type: square;\">\n<li><a href=\"https:\/\/www.dnielectronico.es\/PortalDNIe\/PRF1_Cons02.action?pag=REF_1104\" target=\"_blank\" rel=\"noopener\">Software para sistemas con un Sistema Operativo de 64bits<\/a> <em>pulse en Smart Card Minidriver para windows 64 bits para su descarga<\/em>.<\/li>\n<li><a href=\"https:\/\/www.dnielectronico.es\/PortalDNIe\/PRF1_Cons02.action?pag=REF_1103\" target=\"_blank\" rel=\"noopener\">Software para sistemas con un Sistemas Operativo de 32bits<\/a> <em>pulse en Smart Card Minidriver para windows 32 bits para su descarga.<\/em><\/li>\n<li><a class=\"linkmenu06b\" title=\"Documentos con recomendaciones de instalaci\u00f3n.\" href=\"https:\/\/www.dnielectronico.es\/PortalDNIe\/PRF1_Cons02.action?pag=REF_1102\" target=\"_blank\" rel=\"noopener\">Documentos con recomendaciones de instalaci\u00f3n.<\/a><\/li>\n<\/ul>\n<\/li>\n<\/ul>\n<p style=\"text-align: center;\"><span style=\"color: #ff6600;\">Para conocer si tu sistema Windows es de 32 o 64 bits vaya al Panel de Control de tu Windows, luego pulse en Sistema y seguridad y por \u00faltimo pulse en Sistema.<\/span><img loading=\"lazy\" decoding=\"async\" width=\"340\" height=\"38\" class=\"wp-image-3005 aligncenter\" src=\"https:\/\/sidimurcia.org\/wp-content\/uploads\/word-image-24.png\" srcset=\"https:\/\/sidimurcia.org\/wp-content\/uploads\/word-image-24.png 340w, https:\/\/sidimurcia.org\/wp-content\/uploads\/word-image-24-300x34.png 300w\" sizes=\"auto, (max-width: 340px) 100vw, 340px\" \/><\/p>\n<p><img loading=\"lazy\" decoding=\"async\" width=\"400\" height=\"21\" class=\"wp-image-3004 aligncenter\" src=\"https:\/\/sidimurcia.org\/wp-content\/uploads\/word-image-23.png\" srcset=\"https:\/\/sidimurcia.org\/wp-content\/uploads\/word-image-23.png 400w, https:\/\/sidimurcia.org\/wp-content\/uploads\/word-image-23-300x16.png 300w\" sizes=\"auto, (max-width: 400px) 100vw, 400px\" \/><\/p>\n<p style=\"text-align: center;\"><span style=\"color: #800080;\">Si el lector de tarjetas inteligentes no es reconocido por su Sistema Operativo tras instalar el software anterior, tendr\u00e1s que visitar la web del fabricante y descargar e instalar sus Drivers.<\/span><\/p>\n<p style=\"padding-left: 40px;\"><strong><span style=\"font-size: 20px;\">2. Si tiene un Sistema Operativo Linux &#8211; Unix &#8211; MACos:<\/span><\/strong><\/p>\n<ul>\n<li style=\"list-style-type: none;\">\n<ul style=\"list-style-type: square;\">\n<li><a href=\"https:\/\/www.dnielectronico.es\/PortalDNIe\/PRF1_Cons02.action?pag=REF_1110\" target=\"_blank\" rel=\"noopener\">Web de desacargas<\/a><\/li>\n<li><a class=\"linkmenu06b\" title=\"Documentos con recomendaciones de instalaci\u00f3n\" href=\"https:\/\/www.dnielectronico.es\/PortalDNIe\/PRF1_Cons02.action?pag=REF_1111\" target=\"_blank\" rel=\"noopener\">Documentos con recomendaciones de instalaci\u00f3n<\/a><\/li>\n<li><a class=\"linkmenu06\" title=\"Software para las distribuciones Linux\" href=\"https:\/\/www.dnielectronico.es\/PortalDNIe\/PRF1_Cons02.action?pag=REF_1112\" target=\"_blank\" rel=\"noopener\">Software para las distribuciones Linux<\/a><\/li>\n<li><a class=\"linkmenu06b\" title=\"Software para Sistemas MacOS\" href=\"https:\/\/www.dnielectronico.es\/PortalDNIe\/PRF1_Cons02.action?pag=REF_1113\" target=\"_blank\" rel=\"noopener\">Software para Sistemas MacOS<\/a><\/li>\n<\/ul>\n<\/li>\n<\/ul>\n<p style=\"text-align: justify;\"><span style=\"color: #ff0000;\"><strong>IMPORTANTE:<\/strong> Para poder utilizar el DNI Electr\u00f3nico, necesitas disponer de la clave\/contrase\u00f1a para acceder al Certificado que le dieron al obtener su DNI electr\u00f3nico. Si no dispone de esos datos, puede obtener la contrase\u00f1a acerc\u00e1ndose a una comisar\u00eda en la que se expida el DNI y obtenerlo de una de las m\u00e1quinas habilitadas para ello. <strong><a href=\"https:\/\/www.dnielectronico.es\/PortalDNIe\/PRF1_Cons02.action?pag=REF_330\" target=\"_blank\" rel=\"noopener\">PULSE AQU\u00cd PARA SABER COMO OBTENER LA CONTRASE\u00d1A<\/a><\/strong><br \/>\n<\/span><\/p>\n<p>&nbsp;<\/p>\n<p><span style=\"font-size: 20px;\"><strong>SOFTWARE NECESARIO PARA LA FIRMA ELECTR\u00d3NICA:<\/strong><\/span><\/p>\n<p><span style=\"font-size: 16px;\"><strong><span style=\"color: #339966; font-family: helvetica, arial, sans-serif;\">AVISO EN SEDE ELECTR\u00d3NICA CARM: <\/span><\/strong><\/span>En la sede electr\u00f3nica de la CARM, tras pulsar en el procedimiento que queramos realizar dentro de Presentaci\u00f3n de Solicitudes, se indica en el primer punto de ADVERTENCIA que debe instalar un programa para posteriormente poder firmar las instancias que presentar\u00e1 digitalmente. Por tanto, si no lo ha instalado anteriormente, PULSE EN INSTALACI\u00d3N DE AUTOFIRMA y siga el proceso de instalaci\u00f3n.<\/p>\n<p>Es muy conveniente que siempre que acceda a una p\u00e1gina de este tipo, lea todos los mensajes que aparezcan, para evitar el malfuncionamiento del sistema de tr\u00e1mites digitales.<\/p>\n<p><span style=\"font-size: 20px;\"><span style=\"color: #008000;\">Si quiere instalar ahora AUTOFIRMA, vaya a<\/span> <a href=\"https:\/\/firmaelectronica.gob.es\/Home\/Descargas.html\" target=\"_blank\" rel=\"noopener\">https:\/\/firmaelectronica.gob.es\/Home\/Descargas.html<\/a> <span style=\"color: #008000;\">y descargue el programa correspondiente con su Sistema Operativo.<\/span><\/span><\/p>\n<blockquote><p><img loading=\"lazy\" decoding=\"async\" width=\"798\" height=\"282\" class=\"wp-image-3008 aligncenter\" src=\"https:\/\/sidimurcia.org\/wp-content\/uploads\/word-image-27.png\" srcset=\"https:\/\/sidimurcia.org\/wp-content\/uploads\/word-image-27.png 798w, https:\/\/sidimurcia.org\/wp-content\/uploads\/word-image-27-300x106.png 300w, https:\/\/sidimurcia.org\/wp-content\/uploads\/word-image-27-768x271.png 768w\" sizes=\"auto, (max-width: 798px) 100vw, 798px\" \/><\/p><\/blockquote>\n<p>&nbsp;<\/p>\n<p><span style=\"color: #993366; font-size: 20px;\">Tras su descarga e instalaci\u00f3n, para comprobar si todo funciona correctamente, podr\u00eda probar a obtener un Informe de su Vida Laboral en la Seguridad social o a obtener sus datos de Muface si es Funcionario:<\/span><\/p>\n<table style=\"border-collapse: collapse; width: 66.3834%;\">\n<tbody>\n<tr>\n<td style=\"width: 33.0028%;\">Video tutorial:<\/p>\n<p>C\u00f3mo solicitar un Informe de Vida Laboral.<\/td>\n<td style=\"width: 33.3806%;\">Video tutorial:<\/p>\n<p>Como obtener sus datos en Muface<\/td>\n<\/tr>\n<tr>\n<td style=\"width: 33.0028%;\"><video src=\"https:\/\/sidimurcia.org\/wp-content\/uploads\/Video-Como-Solictar-informe-de-Vida-Laboral.mp4\" poster=\"https:\/\/sidimurcia.org\/wp-content\/uploads\/vistapreviavidalaboral.jpg\" controls=\"controls\" width=\"320\" height=\"240\" data-mce-fragment=\"1\"><br \/>\nLo sentimos. Este v\u00eddeo no puede ser reproducido en tu navegador.<br \/>\nLa versi\u00f3n descargable est\u00e1 disponible en <a href=\"https:\/\/sidimurcia.org\/wp-content\/uploads\/Video-Como-Solictar-informe-de-Vida-Laboral.mp4\"><span data-mce-type=\"bookmark\" class=\"mce_SELRES_start\">\ufeff<\/span>Enlace<\/a>.<br \/>\n<\/video><\/td>\n<td style=\"width: 33.3806%;\"><video src=\"https:\/\/sidimurcia.org\/wp-content\/uploads\/Video-consulta-tus-datos-en-Muface.mp4\" poster=\"https:\/\/sidimurcia.org\/wp-content\/uploads\/vistapreviatusdatosenmufacel.jpg\" controls=\"controls\" width=\"320\" height=\"240\" data-mce-fragment=\"1\"><br \/>\nLo sentimos. Este v\u00eddeo no puede ser reproducido en tu navegador.<br \/>\nLa versi\u00f3n descargable est\u00e1 disponible en <a href=\"https:\/\/sidimurcia.org\/wp-content\/uploads\/Video-consulta-tus-datos-en-Muface.mp4\"><span data-mce-type=\"bookmark\" class=\"mce_SELRES_start\">\ufeff<\/span>Enlace<\/a>.<br \/>\n<\/video><\/td>\n<\/tr>\n<\/tbody>\n<\/table>\n<p>En el caso de problemas, deber\u00eda contactar con un t\u00e9cnico cualificado.<\/p>\n<p><strong>Posibles problemas b\u00e1sicos:<\/strong><\/p>\n<ul>\n<li>Si no dispone de contrase\u00f1a, puede ir a una oficina de expedici\u00f3n del DNI electr\u00f3nico para configurarla.<\/li>\n<li>Tenga en cuenta que la luz del lector se pondr\u00e1 de color verde cuando intente acceder a una web segura y se inicie el proceso de lectura del certificado. No lo har\u00e1 antes.<\/li>\n<li>Tambi\u00e9n recuerde que el CHIP tiene una posici\u00f3n de lectura por lo que, si al principio siempre aparece la luz del lector en rojo, pruebe a insertar la tarjeta de nuevo con el CHIP hacia el otro lado (arriba o abajo).<\/li>\n<li>Si intentas acceder a una web segura y no lee el certificado, mientras realizas las pruebas, salga de esa p\u00e1gina y vuelva a cargarla.<\/li>\n<li>Pueden aparecer otros problemas directamente relacionados con el navegador u otro tipo de software instalado en el PC por lo que podr\u00eda intentar acceder con otro navegador web. Si el problema contin\u00faa, deber\u00eda contactar con un t\u00e9cnico cualificado.<\/li>\n<\/ul>\n<p>&nbsp;<\/p>\n<p><span style=\"font-size: 20px;\"><strong>INFORMACI\u00d3N COMPLEMENTARIA EXTERNA A SIDI:<\/strong><\/span><\/p>\n<ul>\n<li>C\u00f3mo obtener y utilizar el DNI electr\u00f3nico, fuente <a href=\"https:\/\/www.youtube.com\/channel\/UC4li3bPhK6ImHeWrd0_q7vQ\">eAdministracionEs<\/a>.<\/li>\n<\/ul>\n<p><iframe loading=\"lazy\" src=\"https:\/\/www.youtube.com\/embed\/KNxWFv3s_R0\" width=\"560\" height=\"315\" frameborder=\"0\" allowfullscreen=\"allowfullscreen\" data-mce-fragment=\"1\"><\/iframe><\/p>\n<p>&nbsp;<\/p>\n<p><span style=\"font-size: 20px; font-family: helvetica, arial, sans-serif;\"><strong>Como RENOVAR el DNI-Electr\u00f3nico:<\/strong><\/span><\/p>\n<p>Pulse en esta URL para acceder a la gu\u00eda facilitada por dnielectronico.es: <a href=\"https:\/\/www.dnielectronico.es\/PDFs\/RENOVACION_CERTIFICADOS.pdf\" target=\"_blank\" rel=\"noopener noreferrer\"><strong>https:\/\/www.dnielectronico.es\/PDFs\/RENOVACION_CERTIFICADOS.pdf<\/strong><\/a><\/p>\n<p>&nbsp;<\/p>\n<p><span style=\"color: #ff0000;\"><strong>IMPORTANTE.<\/strong> Vigile que la p\u00e1gina a la que acceda sea segura y que aparece el termino <strong>https<\/strong>. Si solo aparece http sin la \u201cs\u201d la p\u00e1gina no es segura y no deber\u00eda tramitar nada a trav\u00e9s de ella.<\/span><\/p>\n<p>Ejemplos:<\/p>\n<p><img loading=\"lazy\" decoding=\"async\" width=\"833\" height=\"151\" class=\"wp-image-3050 aligncenter\" src=\"https:\/\/sidimurcia.org\/wp-content\/uploads\/word-image-47.png\" srcset=\"https:\/\/sidimurcia.org\/wp-content\/uploads\/word-image-47.png 833w, https:\/\/sidimurcia.org\/wp-content\/uploads\/word-image-47-300x54.png 300w, https:\/\/sidimurcia.org\/wp-content\/uploads\/word-image-47-768x139.png 768w\" sizes=\"auto, (max-width: 833px) 100vw, 833px\" \/><\/p>\n<p><img loading=\"lazy\" decoding=\"async\" width=\"708\" height=\"151\" class=\"wp-image-3051 aligncenter\" src=\"https:\/\/sidimurcia.org\/wp-content\/uploads\/word-image-48.png\" srcset=\"https:\/\/sidimurcia.org\/wp-content\/uploads\/word-image-48.png 708w, https:\/\/sidimurcia.org\/wp-content\/uploads\/word-image-48-300x64.png 300w\" sizes=\"auto, (max-width: 708px) 100vw, 708px\" \/><\/p>\n<p>&nbsp;<\/p>\n<p>&nbsp;<\/p>\n<p><strong><span style=\"font-size: 24px; color: #339966;\">Y ahora que lo tengo \u00bfQu\u00e9 puedo hacer con el certificado digital?<\/span><\/strong><\/p>\n<p>1. Puede realizar sus solicitudes a la Consejer\u00eda de Educaci\u00f3n o a la Comunidad Aut\u00f3noma a trav\u00e9s del portal <a href=\"https:\/\/sede.carm.es\">https:\/\/sede.carm.es<\/a>.<\/p>\n<blockquote>\n<p style=\"padding-left: 80px;\">Desde SIDI intentamos que realice sus tr\u00e1mites de manera r\u00e1pida y sencilla. Por ello, disponemos de una p\u00e1gina Web destinada a publicar las instancias para las solitudes m\u00e1s habituales junto con su n\u00famero de procedimiento electr\u00f3nico.<\/p>\n<p style=\"padding-left: 80px;\">Simplemente, pulsando sobre el n\u00famero de procedimiento se abrir\u00e1 el formulario de solicitud.<\/p>\n<p style=\"padding-left: 80px;\"><img loading=\"lazy\" decoding=\"async\" width=\"809\" height=\"196\" class=\"wp-image-3012\" src=\"https:\/\/sidimurcia.org\/wp-content\/uploads\/word-image-31.png\" srcset=\"https:\/\/sidimurcia.org\/wp-content\/uploads\/word-image-31.png 809w, https:\/\/sidimurcia.org\/wp-content\/uploads\/word-image-31-300x73.png 300w, https:\/\/sidimurcia.org\/wp-content\/uploads\/word-image-31-768x186.png 768w\" sizes=\"auto, (max-width: 809px) 100vw, 809px\" \/><\/p>\n<p style=\"padding-left: 80px;\">Para ello visite <a href=\"https:\/\/sidimurcia.org\/index.php\/instancias-solicitudes-horario-de-los-registros-etc\/\">https:\/\/sidimurcia.org\/index.php\/instancias-solicitudes-horario-de-los-registros-etc\/<\/a><\/p>\n<\/blockquote>\n<p>2. Puede realizar sus tr\u00e1mites con Muface accediendo a la sede electr\u00f3nica de la mutua a trav\u00e9s de <a href=\"https:\/\/sede.muface.gob.es\/\">https:\/\/sede.muface.gob.es\/<\/a>.<\/p>\n<p>3. Puede ver si tiene alguna notificaci\u00f3n o consultar expedientes desde alguna otra administraci\u00f3n del estado <a href=\"https:\/\/sede.administracionespublicas.gob.es\/\">https:\/\/sede.administracionespublicas.gob.es\/<\/a><\/p>\n<p>4. Las entidades bancarias tambi\u00e9n suelen permitir el acceso con DNI electr\u00f3nico.<\/p>\n<p>5. Consultas y otras gestiones en la Direcci\u00f3n General de Tr\u00e1fico a trav\u00e9s de <a href=\"https:\/\/sede.dgt.gob.es\/es\/\">https:\/\/sede.dgt.gob.es\/es\/<\/a><\/p>\n<p>6. Gestiones en algunos Ayuntamientos.<\/p>\n<p>7. Etc.<\/p>\n<p>&nbsp;<\/p>\n","protected":false},"excerpt":{"rendered":"<p>INTRODUCCI\u00d3N. El DNI, que todos disponemos, contiene un chip en cuya memoria se encuentra alojado un certificado digital que nos &#8230; <a title=\"DNI-Electr\u00f3nico\" class=\"read-more\" href=\"https:\/\/sidimurcia.org\/index.php\/dni-electronico\/\" aria-label=\"Leer m\u00e1s sobre DNI-Electr\u00f3nico\">Leer mas<\/a><\/p>\n","protected":false},"author":1,"featured_media":0,"parent":0,"menu_order":0,"comment_status":"closed","ping_status":"closed","template":"","meta":{"footnotes":""},"class_list":["post-2998","page","type-page","status-publish"],"yoast_head":"<!-- This site is optimized with the Yoast SEO plugin v27.2 - https:\/\/yoast.com\/product\/yoast-seo-wordpress\/ -->\n<title>DNI-Electr\u00f3nico - SIDI<\/title>\n<meta name=\"robots\" content=\"index, follow, max-snippet:-1, max-image-preview:large, max-video-preview:-1\" \/>\n<link rel=\"canonical\" href=\"https:\/\/sidimurcia.org\/index.php\/dni-electronico\/\" \/>\n<meta property=\"og:locale\" content=\"es_ES\" \/>\n<meta property=\"og:type\" content=\"article\" \/>\n<meta property=\"og:title\" content=\"DNI-Electr\u00f3nico - SIDI\" \/>\n<meta property=\"og:description\" content=\"INTRODUCCI\u00d3N. El DNI, que todos disponemos, contiene un chip en cuya memoria se encuentra alojado un certificado digital que nos ... Leer mas\" \/>\n<meta property=\"og:url\" content=\"https:\/\/sidimurcia.org\/index.php\/dni-electronico\/\" \/>\n<meta property=\"og:site_name\" content=\"SIDI\" \/>\n<meta property=\"article:publisher\" content=\"https:\/\/es-es.facebook.com\/sidi.sindicatodedocentes\" \/>\n<meta property=\"article:modified_time\" content=\"2021-07-16T09:24:00+00:00\" \/>\n<meta property=\"og:image\" content=\"https:\/\/sidimurcia.org\/wp-content\/uploads\/word-image-4-300x224.jpeg\" \/>\n<meta name=\"twitter:card\" content=\"summary_large_image\" \/>\n<meta name=\"twitter:site\" content=\"@SIDIMURCIA\" \/>\n<meta name=\"twitter:label1\" content=\"Tiempo de lectura\" \/>\n\t<meta name=\"twitter:data1\" content=\"6 minutos\" \/>\n<script type=\"application\/ld+json\" class=\"yoast-schema-graph\">{\"@context\":\"https:\/\/schema.org\",\"@graph\":[{\"@type\":\"WebPage\",\"@id\":\"https:\/\/sidimurcia.org\/index.php\/dni-electronico\/\",\"url\":\"https:\/\/sidimurcia.org\/index.php\/dni-electronico\/\",\"name\":\"DNI-Electr\u00f3nico - SIDI\",\"isPartOf\":{\"@id\":\"https:\/\/sidimurcia.org\/#website\"},\"primaryImageOfPage\":{\"@id\":\"https:\/\/sidimurcia.org\/index.php\/dni-electronico\/#primaryimage\"},\"image\":{\"@id\":\"https:\/\/sidimurcia.org\/index.php\/dni-electronico\/#primaryimage\"},\"thumbnailUrl\":\"https:\/\/sidimurcia.org\/wp-content\/uploads\/word-image-4-300x224.jpeg\",\"datePublished\":\"2020-02-25T10:10:22+00:00\",\"dateModified\":\"2021-07-16T09:24:00+00:00\",\"breadcrumb\":{\"@id\":\"https:\/\/sidimurcia.org\/index.php\/dni-electronico\/#breadcrumb\"},\"inLanguage\":\"es\",\"potentialAction\":[{\"@type\":\"ReadAction\",\"target\":[\"https:\/\/sidimurcia.org\/index.php\/dni-electronico\/\"]}]},{\"@type\":\"ImageObject\",\"inLanguage\":\"es\",\"@id\":\"https:\/\/sidimurcia.org\/index.php\/dni-electronico\/#primaryimage\",\"url\":\"https:\/\/sidimurcia.org\/wp-content\/uploads\/word-image-4-300x224.jpeg\",\"contentUrl\":\"https:\/\/sidimurcia.org\/wp-content\/uploads\/word-image-4-300x224.jpeg\"},{\"@type\":\"BreadcrumbList\",\"@id\":\"https:\/\/sidimurcia.org\/index.php\/dni-electronico\/#breadcrumb\",\"itemListElement\":[{\"@type\":\"ListItem\",\"position\":1,\"name\":\"Portada\",\"item\":\"https:\/\/sidimurcia.org\/\"},{\"@type\":\"ListItem\",\"position\":2,\"name\":\"DNI-Electr\u00f3nico\"}]},{\"@type\":\"WebSite\",\"@id\":\"https:\/\/sidimurcia.org\/#website\",\"url\":\"https:\/\/sidimurcia.org\/\",\"name\":\"SIDI\",\"description\":\"Sindicato Independiente de Docentes\",\"publisher\":{\"@id\":\"https:\/\/sidimurcia.org\/#organization\"},\"potentialAction\":[{\"@type\":\"SearchAction\",\"target\":{\"@type\":\"EntryPoint\",\"urlTemplate\":\"https:\/\/sidimurcia.org\/?s={search_term_string}\"},\"query-input\":{\"@type\":\"PropertyValueSpecification\",\"valueRequired\":true,\"valueName\":\"search_term_string\"}}],\"inLanguage\":\"es\"},{\"@type\":\"Organization\",\"@id\":\"https:\/\/sidimurcia.org\/#organization\",\"name\":\"Sindicato Independiente de Docentes - SIDI\",\"url\":\"https:\/\/sidimurcia.org\/\",\"logo\":{\"@type\":\"ImageObject\",\"inLanguage\":\"es\",\"@id\":\"https:\/\/sidimurcia.org\/#\/schema\/logo\/image\/\",\"url\":\"https:\/\/sidimurcia.org\/wp-content\/uploads\/cropped-PARAPESTANAWEB-1.jpg\",\"contentUrl\":\"https:\/\/sidimurcia.org\/wp-content\/uploads\/cropped-PARAPESTANAWEB-1.jpg\",\"width\":512,\"height\":512,\"caption\":\"Sindicato Independiente de Docentes - SIDI\"},\"image\":{\"@id\":\"https:\/\/sidimurcia.org\/#\/schema\/logo\/image\/\"},\"sameAs\":[\"https:\/\/es-es.facebook.com\/sidi.sindicatodedocentes\",\"https:\/\/x.com\/SIDIMURCIA\",\"https:\/\/www.instagram.com\/sidi_murcia\/\",\"https:\/\/www.youtube.com\/channel\/UCwwdL3uFtDKJdbOfmC70wIQ\"]}]}<\/script>\n<!-- \/ Yoast SEO plugin. -->","yoast_head_json":{"title":"DNI-Electr\u00f3nico - SIDI","robots":{"index":"index","follow":"follow","max-snippet":"max-snippet:-1","max-image-preview":"max-image-preview:large","max-video-preview":"max-video-preview:-1"},"canonical":"https:\/\/sidimurcia.org\/index.php\/dni-electronico\/","og_locale":"es_ES","og_type":"article","og_title":"DNI-Electr\u00f3nico - SIDI","og_description":"INTRODUCCI\u00d3N. El DNI, que todos disponemos, contiene un chip en cuya memoria se encuentra alojado un certificado digital que nos ... Leer mas","og_url":"https:\/\/sidimurcia.org\/index.php\/dni-electronico\/","og_site_name":"SIDI","article_publisher":"https:\/\/es-es.facebook.com\/sidi.sindicatodedocentes","article_modified_time":"2021-07-16T09:24:00+00:00","og_image":[{"url":"https:\/\/sidimurcia.org\/wp-content\/uploads\/word-image-4-300x224.jpeg","type":"","width":"","height":""}],"twitter_card":"summary_large_image","twitter_site":"@SIDIMURCIA","twitter_misc":{"Tiempo de lectura":"6 minutos"},"schema":{"@context":"https:\/\/schema.org","@graph":[{"@type":"WebPage","@id":"https:\/\/sidimurcia.org\/index.php\/dni-electronico\/","url":"https:\/\/sidimurcia.org\/index.php\/dni-electronico\/","name":"DNI-Electr\u00f3nico - SIDI","isPartOf":{"@id":"https:\/\/sidimurcia.org\/#website"},"primaryImageOfPage":{"@id":"https:\/\/sidimurcia.org\/index.php\/dni-electronico\/#primaryimage"},"image":{"@id":"https:\/\/sidimurcia.org\/index.php\/dni-electronico\/#primaryimage"},"thumbnailUrl":"https:\/\/sidimurcia.org\/wp-content\/uploads\/word-image-4-300x224.jpeg","datePublished":"2020-02-25T10:10:22+00:00","dateModified":"2021-07-16T09:24:00+00:00","breadcrumb":{"@id":"https:\/\/sidimurcia.org\/index.php\/dni-electronico\/#breadcrumb"},"inLanguage":"es","potentialAction":[{"@type":"ReadAction","target":["https:\/\/sidimurcia.org\/index.php\/dni-electronico\/"]}]},{"@type":"ImageObject","inLanguage":"es","@id":"https:\/\/sidimurcia.org\/index.php\/dni-electronico\/#primaryimage","url":"https:\/\/sidimurcia.org\/wp-content\/uploads\/word-image-4-300x224.jpeg","contentUrl":"https:\/\/sidimurcia.org\/wp-content\/uploads\/word-image-4-300x224.jpeg"},{"@type":"BreadcrumbList","@id":"https:\/\/sidimurcia.org\/index.php\/dni-electronico\/#breadcrumb","itemListElement":[{"@type":"ListItem","position":1,"name":"Portada","item":"https:\/\/sidimurcia.org\/"},{"@type":"ListItem","position":2,"name":"DNI-Electr\u00f3nico"}]},{"@type":"WebSite","@id":"https:\/\/sidimurcia.org\/#website","url":"https:\/\/sidimurcia.org\/","name":"SIDI","description":"Sindicato Independiente de Docentes","publisher":{"@id":"https:\/\/sidimurcia.org\/#organization"},"potentialAction":[{"@type":"SearchAction","target":{"@type":"EntryPoint","urlTemplate":"https:\/\/sidimurcia.org\/?s={search_term_string}"},"query-input":{"@type":"PropertyValueSpecification","valueRequired":true,"valueName":"search_term_string"}}],"inLanguage":"es"},{"@type":"Organization","@id":"https:\/\/sidimurcia.org\/#organization","name":"Sindicato Independiente de Docentes - SIDI","url":"https:\/\/sidimurcia.org\/","logo":{"@type":"ImageObject","inLanguage":"es","@id":"https:\/\/sidimurcia.org\/#\/schema\/logo\/image\/","url":"https:\/\/sidimurcia.org\/wp-content\/uploads\/cropped-PARAPESTANAWEB-1.jpg","contentUrl":"https:\/\/sidimurcia.org\/wp-content\/uploads\/cropped-PARAPESTANAWEB-1.jpg","width":512,"height":512,"caption":"Sindicato Independiente de Docentes - SIDI"},"image":{"@id":"https:\/\/sidimurcia.org\/#\/schema\/logo\/image\/"},"sameAs":["https:\/\/es-es.facebook.com\/sidi.sindicatodedocentes","https:\/\/x.com\/SIDIMURCIA","https:\/\/www.instagram.com\/sidi_murcia\/","https:\/\/www.youtube.com\/channel\/UCwwdL3uFtDKJdbOfmC70wIQ"]}]}},"_links":{"self":[{"href":"https:\/\/sidimurcia.org\/index.php\/wp-json\/wp\/v2\/pages\/2998","targetHints":{"allow":["GET"]}}],"collection":[{"href":"https:\/\/sidimurcia.org\/index.php\/wp-json\/wp\/v2\/pages"}],"about":[{"href":"https:\/\/sidimurcia.org\/index.php\/wp-json\/wp\/v2\/types\/page"}],"author":[{"embeddable":true,"href":"https:\/\/sidimurcia.org\/index.php\/wp-json\/wp\/v2\/users\/1"}],"replies":[{"embeddable":true,"href":"https:\/\/sidimurcia.org\/index.php\/wp-json\/wp\/v2\/comments?post=2998"}],"version-history":[{"count":0,"href":"https:\/\/sidimurcia.org\/index.php\/wp-json\/wp\/v2\/pages\/2998\/revisions"}],"wp:attachment":[{"href":"https:\/\/sidimurcia.org\/index.php\/wp-json\/wp\/v2\/media?parent=2998"}],"curies":[{"name":"wp","href":"https:\/\/api.w.org\/{rel}","templated":true}]}}