{"id":3020,"date":"2020-02-25T10:44:47","date_gmt":"2020-02-25T10:44:47","guid":{"rendered":"https:\/\/sidimurcia.org\/?page_id=3020"},"modified":"2024-10-08T17:05:32","modified_gmt":"2024-10-08T17:05:32","slug":"certificados-digitales","status":"publish","type":"page","link":"https:\/\/sidimurcia.org\/index.php\/certificados-digitales\/","title":{"rendered":"Certificados Digitales"},"content":{"rendered":"<p><span style=\"font-family: verdana, geneva, sans-serif;\">En la actualidad nos vemos en la necesidad de utilizar los certificados digitales para poder presentar todas aquellas solicitudes en nuestra relaci\u00f3n con la Administraci\u00f3n Estatal, Regional y Muface. Debido a esto, es necesario tener correctamente configurado nuestro ordenador y disponer de un certificado digital que nos permita realizar esos tr\u00e1mites de forma Telem\u00e1tica. Con estas Gu\u00eda desarrolladas por SIDI y la informaci\u00f3n complementaria, intentamos aclarar algunos aspectos b\u00e1sicos acerca de su instalaci\u00f3n y utilizaci\u00f3n.<\/span><\/p>\n<p><span style=\"font-family: verdana, geneva, sans-serif;\">La infraestructura que todo ciudadano necesita para realizar estos tr\u00e1mites est\u00e1 formada por un Certificado Digital que valide nuestra identidad en Internet y las herramientas necesarias para poder usar ese certificado en p\u00e1ginas seguras, las cuales consideramos que son las siguientes:<\/span><\/p>\n<ol>\n<li><span style=\"font-family: verdana, geneva, sans-serif;\">PC medianamente actual.<\/span><\/li>\n<li><span style=\"font-family: verdana, geneva, sans-serif;\">Sistema Operativo actualizado.<\/span><\/li>\n<li><span style=\"font-family: verdana, geneva, sans-serif;\">Navegador WEB compatible.<\/span><\/li>\n<li><span style=\"font-family: verdana, geneva, sans-serif;\">Software para el reconocimiento del Certificado y para la firma electr\u00f3nica.<\/span><\/li>\n<li><span style=\"font-family: verdana, geneva, sans-serif;\">Lector de Tarjetas Inteligentes (dependiendo del certificado elegido).<\/span><\/li>\n<\/ol>\n<p><span style=\"color: #800080; font-family: verdana, geneva, sans-serif;\">En cualquier caso, es necesario que se lean los requerimientos t\u00e9cnicos que se exigen para que funcione el sistema.<\/span><\/p>\n<p><span style=\"text-decoration: underline;\"><strong><span style=\"font-family: verdana, geneva, sans-serif;\">Gu\u00edas b\u00e1sicas:<\/span><\/strong><\/span><\/p>\n<p><span style=\"font-size: 16px; font-family: verdana, geneva, sans-serif;\"><strong>1.\u00a0 <\/strong><\/span><span style=\"font-size: 16px; font-family: verdana, geneva, sans-serif;\"><a href=\"https:\/\/sidimurcia.org\/index.php\/dni-electronico\/\"><strong><img loading=\"lazy\" decoding=\"async\" class=\"wp-image-3053 alignnone\" src=\"https:\/\/sidimurcia.org\/wp-content\/uploads\/word-image-50.png\" alt=\"\" width=\"70\" height=\"30\" \/><\/strong><\/a><\/span> <span style=\"font-size: 16px; font-family: verdana, geneva, sans-serif;\"><a href=\"https:\/\/sidimurcia.org\/index.php\/dni-electronico\/\"><strong>Gu\u00eda b\u00e1sica de instalaci\u00f3n del DNI-Electr\u00f3nico<\/strong><\/a> (te permite modificar tus datos personales en educarm)<\/span><\/p>\n<p>&nbsp;<\/p>\n<p><strong><span style=\"font-family: verdana, geneva, sans-serif;\">2.<\/span>\u00a0 <\/strong><span style=\"font-family: arial, helvetica, sans-serif;\"><a href=\"https:\/\/sede.agenciatributaria.gob.es\/Sede\/ayuda\/consultas-informaticas\/aplicaciones-moviles-aeat-ayuda-tecnica\/app-clave-android.html\"><strong>Gu\u00eda de instalaci\u00f3n de CL@VE PIN ANDROID<\/strong> <\/a>&#8211;\u00a0 <a href=\"https:\/\/sede.agenciatributaria.gob.es\/Sede\/ayuda\/consultas-informaticas\/aplicaciones-moviles-aeat-ayuda-tecnica\/app-clave-ios.html\"><strong>CL@VE PIN IOS\u00a0<\/strong><\/a> <span style=\"color: #ff0000;\">(Solo v\u00e1lido para algunas gestiones)<\/span><\/span><\/p>\n<p>&nbsp;<\/p>\n<p><span style=\"font-family: verdana, geneva, sans-serif;\"><strong>3. <a href=\"https:\/\/sede.agenciatributaria.gob.es\/Sede\/ayuda\/consultas-informaticas\/firma-digital-sistema-clave-pin-tecnica\/informacion-pasos-obtencion-certificado-electronico.html\">Gu\u00eda de instalaci\u00f3n Certificado de FNMT<\/a><\/strong>\u00a0 (te permite modificar tus datos personales en educarm)<\/span><\/p>\n<p style=\"padding-left: 40px;\"><span style=\"font-family: verdana, geneva, sans-serif;\">V\u00eddeo: C\u00f3mo solicitar tu certificado digital de persona f\u00edsica ( desarrollado por <a href=\"https:\/\/www.cert.fnmt.es\/\">CERES<\/a> de la Fabrica Nacional de Moneda y Timbre)<\/span><\/p>\n<p style=\"padding-left: 40px;\"><iframe loading=\"lazy\" src=\"\/\/www.youtube.com\/embed\/WJwCKMAw50k?si=lF0FikE33IGJ_V5j\" width=\"560\" height=\"314\" allowfullscreen=\"allowfullscreen\"><\/iframe><\/p>\n<p style=\"padding-left: 40px;\"><span style=\"font-family: verdana, geneva, sans-serif;\">\u00a1OJO!\u00a0 Por tu seguridad, si cuando accedas a una p\u00e1gina segura que requiera del certificado, por ejemplo accediendo con el certificado a la web de la seguridad social a solicitar una vida laboral, SI NO TE PIDE CONTRASE\u00d1A A LA HORA DE USAR EL CERTIFICADO, DEBER\u00cdAS POR TU SEGURIDAD SEGUIR LOS PASOS QUE SE INDICAN A CONTINUACI\u00d3N PARA DOTAR DE UNA CONTRASE\u00d1A ROBUSTA A TU CERTIFICADO.<\/span><\/p>\n<p style=\"padding-left: 40px;\"><span style=\"font-family: verdana, geneva, sans-serif;\">Para configurar una contrase\u00f1a en tu certificado de FNMT si no la tiene, sigue los pasos que se indican en esta web:<\/span><\/p>\n<p style=\"padding-left: 40px;\"><span style=\"font-family: verdana, geneva, sans-serif;\"><a href=\"http:\/\/www.sede.fnmt.gob.es\">www.sede.fnmt.gob.es<\/a> &#8211; Preguntas frecuentes &#8211; Acerca de Internet Explorer &#8211; <a href=\"https:\/\/www.sede.fnmt.gob.es\/preguntas-frecuentes\/acerca-de-internet-explorer\/-\/asset_publisher\/fVZppcBHj0oa\/content\/1635-como-puedo-establecer-una-contrasena-de-uso-de-mi-certificado-en-internet-explorer-?inheritRedirect=false&amp;redirect=https%3A%2F%2Fwww.sede.fnmt.gob.es%2Fpreguntas-frecuentes%2Facerca-de-internet-explorer%3Fp_p_id%3D101_INSTANCE_fVZppcBHj0oa%26p_p_lifecycle%3D0%26p_p_state%3Dnormal%26p_p_mode%3Dview%26p_p_col_id%3Dcolumn-2%26p_p_col_count%3D1\">1635 &#8211; \u00bfC\u00f3mo puedo establecer una contrase\u00f1a de uso de mi certificado en Internet Explorer?<\/a><\/span><\/p>\n<p style=\"padding-left: 80px;\"><span style=\"font-family: verdana, geneva, sans-serif;\">Ayuda complementaria:<\/span><\/p>\n<ul>\n<li style=\"list-style-type: none;\">\n<ul>\n<li style=\"list-style-type: none;\">\n<ul>\n<li style=\"list-style-type: none;\">\n<ul>\n<li><span style=\"font-family: verdana, geneva, sans-serif;\"><a href=\"http:\/\/eduwiki.murciaeduca.es\/wiki\/index.php\/Tarjeta_FNMT\">P\u00e1gina de ayuda en la Wiki Educativa de Murciaeduca<\/a><\/span><\/li>\n<\/ul>\n<\/li>\n<\/ul>\n<\/li>\n<\/ul>\n<\/li>\n<\/ul>\n<p>&nbsp;<\/p>\n<p><span style=\"font-size: 16px;\"><strong><span style=\"font-family: verdana, geneva, sans-serif;\">4. <a href=\"https:\/\/sidimurcia.org\/index.php\/tarjeta-carm\/\"><img loading=\"lazy\" decoding=\"async\" class=\"wp-image-3053 alignnone\" src=\"https:\/\/sidimurcia.org\/wp-content\/uploads\/word-image-50.png\" alt=\"\" width=\"70\" height=\"30\" \/><\/a> <\/span><\/strong><a href=\"https:\/\/sidimurcia.org\/index.php\/tarjeta-carm\/\"><strong><span style=\"font-family: verdana, geneva, sans-serif;\">Gu\u00eda b\u00e1sica de instalaci\u00f3n de la tarjeta TiDcarm<\/span><\/strong><\/a> <span style=\"font-family: verdana, geneva, sans-serif;\">(te permite modificar tus datos personales en educarm). <strong><span style=\"color: #ff0000;\">NOTA:<\/span><\/strong> <span style=\"color: #000000;\">Esta solicitud se tiene que hacer desde un ordenador que est\u00e9 en una red corporativa de la CARM(ordenadores de gesti\u00f3n del centro, por ejemplo), <b>no se podr\u00e1 solicitar desde un ordenador personal.<\/b><\/span><br \/>\n<\/span><\/span><\/p>\n<p>&nbsp;<\/p>\n<p><strong><span style=\"font-family: verdana, geneva, sans-serif;\">5. <a href=\"https:\/\/sidimurcia.org\/index.php\/certificado-clave\/\"><img loading=\"lazy\" decoding=\"async\" class=\"wp-image-3053 alignnone\" src=\"https:\/\/sidimurcia.org\/wp-content\/uploads\/word-image-50.png\" alt=\"\" width=\"70\" height=\"30\" \/><\/a> <a href=\"https:\/\/sidimurcia.org\/index.php\/certificado-clave\/\">Gu\u00eda b\u00e1sica de instalaci\u00f3n del certificado Cl@ve Permanente<\/a><\/span> <\/strong>(\u00a1OJO! A fecha Febrero de 2020, no v\u00e1lido en <a href=\"https:\/\/sede.carm.es\">https:\/\/sede.carm.es<\/a>, puede comprobar su validez si aparece dentro de los certificados permitidos en esta direcci\u00f3n: <a href=\"https:\/\/sede.carm.es\/web\/pagina?IDCONTENIDO=53901&amp;IDTIPO=100&amp;RASTRO=c$m40267\">https:\/\/sede.carm.es\/web\/pagina?IDCONTENIDO=53901&amp;IDTIPO=100&amp;RASTRO=c$m40267<\/a> )<\/p>\n<p>&nbsp;<\/p>\n<p><span style=\"font-size: 20px;\">Adem\u00e1s, complementamos la informaci\u00f3n anterior con los siguientes videos relacionados:<\/span><\/p>\n<p><span style=\"color: #993366;\">Como presentar solicitudes a trav\u00e9s de la Sede Electr\u00f3nica de la CARM<\/span><\/p>\n<p><iframe loading=\"lazy\" src=\"https:\/\/www.youtube.com\/embed\/ffoeAWP7SBU\" width=\"560\" height=\"315\" frameborder=\"0\" allowfullscreen=\"allowfullscreen\"><\/iframe><\/p>\n<p>&nbsp;<\/p>\n<p>&nbsp;<\/p>\n","protected":false},"excerpt":{"rendered":"<p>En la actualidad nos vemos en la necesidad de utilizar los certificados digitales para poder presentar todas aquellas solicitudes en &#8230; <a title=\"Certificados Digitales\" class=\"read-more\" href=\"https:\/\/sidimurcia.org\/index.php\/certificados-digitales\/\" aria-label=\"Leer m\u00e1s sobre Certificados Digitales\">Leer mas<\/a><\/p>\n","protected":false},"author":1,"featured_media":0,"parent":0,"menu_order":0,"comment_status":"closed","ping_status":"closed","template":"","meta":{"footnotes":""},"class_list":["post-3020","page","type-page","status-publish"],"yoast_head":"<!-- This site is optimized with the Yoast SEO plugin v27.2 - https:\/\/yoast.com\/product\/yoast-seo-wordpress\/ -->\n<title>Certificados Digitales - SIDI<\/title>\n<meta name=\"robots\" content=\"index, follow, max-snippet:-1, max-image-preview:large, max-video-preview:-1\" \/>\n<link rel=\"canonical\" href=\"https:\/\/sidimurcia.org\/index.php\/certificados-digitales\/\" \/>\n<meta property=\"og:locale\" content=\"es_ES\" \/>\n<meta property=\"og:type\" content=\"article\" \/>\n<meta property=\"og:title\" content=\"Certificados Digitales - SIDI\" \/>\n<meta property=\"og:description\" content=\"En la actualidad nos vemos en la necesidad de utilizar los certificados digitales para poder presentar todas aquellas solicitudes en ... Leer mas\" \/>\n<meta property=\"og:url\" content=\"https:\/\/sidimurcia.org\/index.php\/certificados-digitales\/\" \/>\n<meta property=\"og:site_name\" content=\"SIDI\" \/>\n<meta property=\"article:publisher\" content=\"https:\/\/es-es.facebook.com\/sidi.sindicatodedocentes\" \/>\n<meta property=\"article:modified_time\" content=\"2024-10-08T17:05:32+00:00\" \/>\n<meta property=\"og:image\" content=\"https:\/\/sidimurcia.org\/wp-content\/uploads\/word-image-50.png\" \/>\n<meta name=\"twitter:card\" content=\"summary_large_image\" \/>\n<meta name=\"twitter:site\" content=\"@SIDIMURCIA\" \/>\n<meta name=\"twitter:label1\" content=\"Tiempo de lectura\" \/>\n\t<meta name=\"twitter:data1\" content=\"3 minutos\" \/>\n<script type=\"application\/ld+json\" class=\"yoast-schema-graph\">{\"@context\":\"https:\/\/schema.org\",\"@graph\":[{\"@type\":\"WebPage\",\"@id\":\"https:\/\/sidimurcia.org\/index.php\/certificados-digitales\/\",\"url\":\"https:\/\/sidimurcia.org\/index.php\/certificados-digitales\/\",\"name\":\"Certificados Digitales - SIDI\",\"isPartOf\":{\"@id\":\"https:\/\/sidimurcia.org\/#website\"},\"primaryImageOfPage\":{\"@id\":\"https:\/\/sidimurcia.org\/index.php\/certificados-digitales\/#primaryimage\"},\"image\":{\"@id\":\"https:\/\/sidimurcia.org\/index.php\/certificados-digitales\/#primaryimage\"},\"thumbnailUrl\":\"https:\/\/sidimurcia.org\/wp-content\/uploads\/word-image-50.png\",\"datePublished\":\"2020-02-25T10:44:47+00:00\",\"dateModified\":\"2024-10-08T17:05:32+00:00\",\"breadcrumb\":{\"@id\":\"https:\/\/sidimurcia.org\/index.php\/certificados-digitales\/#breadcrumb\"},\"inLanguage\":\"es\",\"potentialAction\":[{\"@type\":\"ReadAction\",\"target\":[\"https:\/\/sidimurcia.org\/index.php\/certificados-digitales\/\"]}]},{\"@type\":\"ImageObject\",\"inLanguage\":\"es\",\"@id\":\"https:\/\/sidimurcia.org\/index.php\/certificados-digitales\/#primaryimage\",\"url\":\"https:\/\/sidimurcia.org\/wp-content\/uploads\/word-image-50.png\",\"contentUrl\":\"https:\/\/sidimurcia.org\/wp-content\/uploads\/word-image-50.png\",\"width\":249,\"height\":107},{\"@type\":\"BreadcrumbList\",\"@id\":\"https:\/\/sidimurcia.org\/index.php\/certificados-digitales\/#breadcrumb\",\"itemListElement\":[{\"@type\":\"ListItem\",\"position\":1,\"name\":\"Portada\",\"item\":\"https:\/\/sidimurcia.org\/\"},{\"@type\":\"ListItem\",\"position\":2,\"name\":\"Certificados Digitales\"}]},{\"@type\":\"WebSite\",\"@id\":\"https:\/\/sidimurcia.org\/#website\",\"url\":\"https:\/\/sidimurcia.org\/\",\"name\":\"SIDI\",\"description\":\"Sindicato Independiente de Docentes\",\"publisher\":{\"@id\":\"https:\/\/sidimurcia.org\/#organization\"},\"potentialAction\":[{\"@type\":\"SearchAction\",\"target\":{\"@type\":\"EntryPoint\",\"urlTemplate\":\"https:\/\/sidimurcia.org\/?s={search_term_string}\"},\"query-input\":{\"@type\":\"PropertyValueSpecification\",\"valueRequired\":true,\"valueName\":\"search_term_string\"}}],\"inLanguage\":\"es\"},{\"@type\":\"Organization\",\"@id\":\"https:\/\/sidimurcia.org\/#organization\",\"name\":\"Sindicato Independiente de Docentes - SIDI\",\"url\":\"https:\/\/sidimurcia.org\/\",\"logo\":{\"@type\":\"ImageObject\",\"inLanguage\":\"es\",\"@id\":\"https:\/\/sidimurcia.org\/#\/schema\/logo\/image\/\",\"url\":\"https:\/\/sidimurcia.org\/wp-content\/uploads\/cropped-PARAPESTANAWEB-1.jpg\",\"contentUrl\":\"https:\/\/sidimurcia.org\/wp-content\/uploads\/cropped-PARAPESTANAWEB-1.jpg\",\"width\":512,\"height\":512,\"caption\":\"Sindicato Independiente de Docentes - SIDI\"},\"image\":{\"@id\":\"https:\/\/sidimurcia.org\/#\/schema\/logo\/image\/\"},\"sameAs\":[\"https:\/\/es-es.facebook.com\/sidi.sindicatodedocentes\",\"https:\/\/x.com\/SIDIMURCIA\",\"https:\/\/www.instagram.com\/sidi_murcia\/\",\"https:\/\/www.youtube.com\/channel\/UCwwdL3uFtDKJdbOfmC70wIQ\"]}]}<\/script>\n<!-- \/ Yoast SEO plugin. -->","yoast_head_json":{"title":"Certificados Digitales - SIDI","robots":{"index":"index","follow":"follow","max-snippet":"max-snippet:-1","max-image-preview":"max-image-preview:large","max-video-preview":"max-video-preview:-1"},"canonical":"https:\/\/sidimurcia.org\/index.php\/certificados-digitales\/","og_locale":"es_ES","og_type":"article","og_title":"Certificados Digitales - SIDI","og_description":"En la actualidad nos vemos en la necesidad de utilizar los certificados digitales para poder presentar todas aquellas solicitudes en ... Leer mas","og_url":"https:\/\/sidimurcia.org\/index.php\/certificados-digitales\/","og_site_name":"SIDI","article_publisher":"https:\/\/es-es.facebook.com\/sidi.sindicatodedocentes","article_modified_time":"2024-10-08T17:05:32+00:00","og_image":[{"url":"https:\/\/sidimurcia.org\/wp-content\/uploads\/word-image-50.png","type":"","width":"","height":""}],"twitter_card":"summary_large_image","twitter_site":"@SIDIMURCIA","twitter_misc":{"Tiempo de lectura":"3 minutos"},"schema":{"@context":"https:\/\/schema.org","@graph":[{"@type":"WebPage","@id":"https:\/\/sidimurcia.org\/index.php\/certificados-digitales\/","url":"https:\/\/sidimurcia.org\/index.php\/certificados-digitales\/","name":"Certificados Digitales - SIDI","isPartOf":{"@id":"https:\/\/sidimurcia.org\/#website"},"primaryImageOfPage":{"@id":"https:\/\/sidimurcia.org\/index.php\/certificados-digitales\/#primaryimage"},"image":{"@id":"https:\/\/sidimurcia.org\/index.php\/certificados-digitales\/#primaryimage"},"thumbnailUrl":"https:\/\/sidimurcia.org\/wp-content\/uploads\/word-image-50.png","datePublished":"2020-02-25T10:44:47+00:00","dateModified":"2024-10-08T17:05:32+00:00","breadcrumb":{"@id":"https:\/\/sidimurcia.org\/index.php\/certificados-digitales\/#breadcrumb"},"inLanguage":"es","potentialAction":[{"@type":"ReadAction","target":["https:\/\/sidimurcia.org\/index.php\/certificados-digitales\/"]}]},{"@type":"ImageObject","inLanguage":"es","@id":"https:\/\/sidimurcia.org\/index.php\/certificados-digitales\/#primaryimage","url":"https:\/\/sidimurcia.org\/wp-content\/uploads\/word-image-50.png","contentUrl":"https:\/\/sidimurcia.org\/wp-content\/uploads\/word-image-50.png","width":249,"height":107},{"@type":"BreadcrumbList","@id":"https:\/\/sidimurcia.org\/index.php\/certificados-digitales\/#breadcrumb","itemListElement":[{"@type":"ListItem","position":1,"name":"Portada","item":"https:\/\/sidimurcia.org\/"},{"@type":"ListItem","position":2,"name":"Certificados Digitales"}]},{"@type":"WebSite","@id":"https:\/\/sidimurcia.org\/#website","url":"https:\/\/sidimurcia.org\/","name":"SIDI","description":"Sindicato Independiente de Docentes","publisher":{"@id":"https:\/\/sidimurcia.org\/#organization"},"potentialAction":[{"@type":"SearchAction","target":{"@type":"EntryPoint","urlTemplate":"https:\/\/sidimurcia.org\/?s={search_term_string}"},"query-input":{"@type":"PropertyValueSpecification","valueRequired":true,"valueName":"search_term_string"}}],"inLanguage":"es"},{"@type":"Organization","@id":"https:\/\/sidimurcia.org\/#organization","name":"Sindicato Independiente de Docentes - SIDI","url":"https:\/\/sidimurcia.org\/","logo":{"@type":"ImageObject","inLanguage":"es","@id":"https:\/\/sidimurcia.org\/#\/schema\/logo\/image\/","url":"https:\/\/sidimurcia.org\/wp-content\/uploads\/cropped-PARAPESTANAWEB-1.jpg","contentUrl":"https:\/\/sidimurcia.org\/wp-content\/uploads\/cropped-PARAPESTANAWEB-1.jpg","width":512,"height":512,"caption":"Sindicato Independiente de Docentes - SIDI"},"image":{"@id":"https:\/\/sidimurcia.org\/#\/schema\/logo\/image\/"},"sameAs":["https:\/\/es-es.facebook.com\/sidi.sindicatodedocentes","https:\/\/x.com\/SIDIMURCIA","https:\/\/www.instagram.com\/sidi_murcia\/","https:\/\/www.youtube.com\/channel\/UCwwdL3uFtDKJdbOfmC70wIQ"]}]}},"_links":{"self":[{"href":"https:\/\/sidimurcia.org\/index.php\/wp-json\/wp\/v2\/pages\/3020","targetHints":{"allow":["GET"]}}],"collection":[{"href":"https:\/\/sidimurcia.org\/index.php\/wp-json\/wp\/v2\/pages"}],"about":[{"href":"https:\/\/sidimurcia.org\/index.php\/wp-json\/wp\/v2\/types\/page"}],"author":[{"embeddable":true,"href":"https:\/\/sidimurcia.org\/index.php\/wp-json\/wp\/v2\/users\/1"}],"replies":[{"embeddable":true,"href":"https:\/\/sidimurcia.org\/index.php\/wp-json\/wp\/v2\/comments?post=3020"}],"version-history":[{"count":0,"href":"https:\/\/sidimurcia.org\/index.php\/wp-json\/wp\/v2\/pages\/3020\/revisions"}],"wp:attachment":[{"href":"https:\/\/sidimurcia.org\/index.php\/wp-json\/wp\/v2\/media?parent=3020"}],"curies":[{"name":"wp","href":"https:\/\/api.w.org\/{rel}","templated":true}]}}