{"id":7318,"date":"2021-01-15T09:22:17","date_gmt":"2021-01-15T09:22:17","guid":{"rendered":"https:\/\/sidimurcia.org\/?page_id=7318"},"modified":"2026-03-17T08:03:11","modified_gmt":"2026-03-17T08:03:11","slug":"cursos","status":"publish","type":"page","link":"https:\/\/sidimurcia.org\/index.php\/cursos\/","title":{"rendered":"Cursos de formaci\u00f3n para sexenios y oposiciones"},"content":{"rendered":"<header class=\"entry-header\"><span style=\"color: #ffffff;\"><span style=\"color: #808080;\"><span style=\"color: #999999;\"><img loading=\"lazy\" decoding=\"async\" class=\"alignleft\" src=\"https:\/\/sidimurcia.org\/wp-content\/uploads\/cursos-de-formacion.jpg\" alt=\"\" width=\"210\" height=\"86\" \/><\/span><\/span><\/span><\/header>\n<header><\/header>\n<header class=\"entry-header\"><span style=\"color: #ffffff; font-family: arial, helvetica, sans-serif;\"><span style=\"color: #808080;\"><span style=\"color: #999999;\">En esta secci\u00f3n se encuentra la oferta formativa ofrecida por SIDI as\u00ed como los formularios de inscripci\u00f3n y la normativa correspondiente.<\/span> <\/span><\/span><\/header>\n<header class=\"entry-header\"><span style=\"color: #ffffff; font-family: arial, helvetica, sans-serif;\"><span style=\"color: #808080;\">Recuerda que es gratuita para afiliados.<\/span><\/span><\/header>\n<header class=\"entry-header\"><span style=\"color: #ffffff;\"><span style=\"color: #808080;\"><br \/>\n<\/span><\/span><\/p>\n<h2><span style=\"font-size: 24px; font-family: arial, helvetica, sans-serif; color: #333300;\"><span style=\"font-size: 20px;\">\u00a0<a href=\"https:\/\/sidimurcia.org\/images\/stories\/formacion\/15_16\/oferta_formativa.pdf\"><img loading=\"lazy\" decoding=\"async\" class=\"alignnone wp-image-60\" src=\"https:\/\/sidimurcia.org\/wp\/wp-content\/uploads\/2019\/10\/pdf_icon-297x300.png\" sizes=\"auto, (max-width: 26px) 100vw, 26px\" srcset=\"https:\/\/sidimurcia.org\/wp-content\/uploads\/2019\/10\/pdf_icon-297x300.png 297w, https:\/\/sidimurcia.org\/wp-content\/uploads\/2019\/10\/pdf_icon-150x150.png 150w, https:\/\/sidimurcia.org\/wp-content\/uploads\/2019\/10\/pdf_icon.png 507w\" alt=\"\" width=\"26\" height=\"26\" \/><\/a>\u00a0<a href=\"https:\/\/drive.google.com\/file\/d\/1t63fPX4tLwg_IQEdkuvi_TjjgNSf4mUy\/view?usp=sharing\"><span style=\"color: #3c48e0;\">OFERTA FORMATIVA &#8211; SIDI<\/span><\/a><\/span><span style=\"font-size: 14px;\"> (Pulsa para descargar).<\/span><\/span><span style=\"color: #ffffff; font-family: arial, helvetica, sans-serif;\">.<\/span><\/h2>\n<h2><span style=\"font-family: arial, helvetica, sans-serif;\"><span style=\"font-size: 20px;\">\u00a0<\/span><a href=\"https:\/\/sidimurcia.org\/images\/stories\/formacion\/15_16\/oferta_formativa.pdf\"><img loading=\"lazy\" decoding=\"async\" class=\"alignnone wp-image-60\" src=\"https:\/\/sidimurcia.org\/wp\/wp-content\/uploads\/2019\/10\/pdf_icon-297x300.png\" sizes=\"auto, (max-width: 26px) 100vw, 26px\" srcset=\"https:\/\/sidimurcia.org\/wp-content\/uploads\/2019\/10\/pdf_icon-297x300.png 297w, https:\/\/sidimurcia.org\/wp-content\/uploads\/2019\/10\/pdf_icon-150x150.png 150w, https:\/\/sidimurcia.org\/wp-content\/uploads\/2019\/10\/pdf_icon.png 507w\" alt=\"\" width=\"26\" height=\"26\" \/><\/a> <a href=\"https:\/\/drive.google.com\/file\/d\/165Aop_Q6WA_kptAM5oPMpVcMhsRL7lwN\/view?usp=sharing\"><span style=\"color: #3c48e0;\"><span style=\"font-size: 24px;\"><span style=\"font-size: 20px;\">FORMULARIO DE INSCRIPCI\u00d3N A CURSOS<\/span><\/span><\/span><\/a><span style=\"font-size: 14px; color: #333333;\"> (Pulsa para descargar).<\/span><\/span><span style=\"color: #ffffff; font-family: arial, helvetica, sans-serif;\">.<\/span><\/h2>\n<ul>\n<li style=\"text-align: justify;\"><a href=\"https:\/\/drive.google.com\/file\/d\/1mu1byFD_dr1zrbPMrmy2HhfLwuvlEKhI\/view?usp=sharing\"><span style=\"font-family: arial, helvetica, sans-serif;\">20\/02\/26 Relaci\u00f3n DEFINITIVA de admitidos al curso de formaci\u00f3n: Atenci\u00f3n a la diversidad en la LOMLOE a trav\u00e9s del Dise\u00f1o Universal de Aprendizaje &#8211; DUA (modalidad telem\u00e1tica)<\/span><\/a><\/li>\n<\/ul>\n<p><span style=\"font-size: 24px; color: #993300;\"><span style=\"color: #d4458b;\"><strong><span style=\"font-size: 20px; font-family: arial, helvetica, sans-serif;\">NORMATIVA DE FORMACI\u00d3N.<\/span><\/strong><\/span><br \/>\n<\/span><\/p>\n<\/header>\n<div class=\"entry-content\">\n<table class=\"contentpaneopen\">\n<tbody>\n<tr>\n<td colspan=\"2\" valign=\"top\">\n<table>\n<tbody>\n<tr>\n<td>\n<ul>\n<li><a href=\"https:\/\/sidimurcia.org\/archivo\/sidi\/index22bc0.html?option=com_content&amp;task=view&amp;id=11374&amp;Itemid=39\"><span style=\"font-family: arial, helvetica, sans-serif;\">Orden 28\/7\/17 regula modalidades, convocatoria, reconocimiento, certificaci\u00f3n y registro, formaci\u00f3n<\/span><\/a>\n<ul>\n<li><span style=\"font-family: arial, helvetica, sans-serif;\"><a href=\"https:\/\/www.borm.es\/services\/anuncio\/ano\/2018\/numero\/3333\/pdf?id=767872\">Resoluci\u00f3n 14\/05\/18 regula estructura, criterios y certificaci\u00f3n itinerarios de formaci\u00f3n preferentes<\/a> <\/span>\n<ul>\n<li style=\"text-align: justify;\"><a href=\"https:\/\/sidimurcia.org\/index.php\/2023\/05\/30\/resolucion-18-05-2023-que-actualiza-los-anexos-de-la-resolucion-de-14-05-2018-sobre-los-itinerarios-de-formacion-preferentes\/\"><span style=\"font-family: arial, helvetica, sans-serif;\">Resoluci\u00f3n 18\/05\/2023 que actualiza los anexos de la Resoluci\u00f3n de 14\/05\/2018 sobre los itinerarios de formaci\u00f3n preferentes.<\/span><\/a><\/li>\n<\/ul>\n<\/li>\n<li>\n<p style=\"text-align: justify;\"><span style=\"font-family: arial, helvetica, sans-serif;\"><a class=\"enlaceMarron\" title=\"Resoluci\u00f3n de la Directora General de Recursos Humanos, Planificaci\u00f3n Educativa e Innovaci\u00f3n, por la que se regula la planificaci\u00f3n, registro y certificaci\u00f3n de las actividades de Formaci\u00f3n Permanente del profesorado no universitario de la Regi\u00f3n de Murcia realizadas por entidades que tengan convenio de colaboraci\u00f3n firmado con la Consejer\u00eda de Educaci\u00f3n y Formaci\u00f3n Profesional\" href=\"https:\/\/servicios.educarm.es\/templates\/portal\/ficheros\/websDinamicas\/45\/Resol regulac plan registr y certi de activ form perm C.I 246657 21-7-25.pdf\" target=\"_blank\" rel=\"noopener\">Resoluci\u00f3n de la Directora General de Recursos Humanos, Planificaci\u00f3n Educativa e Innovaci\u00f3n, por la que se regula la planificaci\u00f3n, registro y certificaci\u00f3n de las actividades de Formaci\u00f3n Permanente del profesorado no universitario de la Regi\u00f3n de Murcia realizadas por entidades que tengan convenio de colaboraci\u00f3n firmado con la Consejer\u00eda de Educaci\u00f3n y Formaci\u00f3n Profesional<\/a><\/span><\/p>\n<\/li>\n<li><span style=\"font-family: arial, helvetica, sans-serif;\"><a href=\"https:\/\/sidimurcia.org\/index.php\/2022\/02\/16\/resolucion-del-15-02-2022-que-regula-el-reconocimiento-y-registrio-de-formacion-del-programa-erasmus\/\">Resoluci\u00f3n del 15\/02\/2022 que regula el reconocimiento y registro de formaci\u00f3n del programa Erasmus +<\/a><\/span><\/li>\n<li><a href=\"https:\/\/sidimurcia.org\/index.php\/2023\/06\/28\/resolucion-del-28-06-2023-que-regula-el-reconocimiento-y-registro-de-formacion-de-programas-europeos\/\"><span class=\"selectable-text copyable-text\" style=\"font-family: arial, helvetica, sans-serif;\">Resoluci\u00f3n del 28\/06\/2023 que regula el reconocimiento y registro de formaci\u00f3n de programas europeos<\/span><\/a>.<\/li>\n<\/ul>\n<\/li>\n<\/ul>\n<\/td>\n<\/tr>\n<tr>\n<td>\n<ul>\n<li style=\"text-align: justify;\"><span style=\"font-family: arial, helvetica, sans-serif;\"><a href=\"https:\/\/servicios.educarm.es\/templates\/portal\/ficheros\/websDinamicas\/100\/FA2016.pdf\" target=\"_blank\" rel=\"noopener noreferrer\">Orden de 25 de julio de 2016, de la Consejer\u00eda de Educaci\u00f3n y Universidades, por la que se regulan las modalidades de formaci\u00f3n aut\u00f3noma del profesorado de la Regi\u00f3n de Murcia.<\/a><\/span><\/li>\n<li style=\"text-align: justify;\"><span style=\"font-family: arial, helvetica, sans-serif;\"><a href=\"https:\/\/sidimurcia.org\/index.php\/2021\/11\/18\/orden-que-regula-la-formacion-permanente-del-profesorado-en-centros-educativos-de-ensenanzas-no-universitarias\/\">Orden de 25 de octubre de 2021 que regula la formaci\u00f3n permanente del profesorado en centros educativos de ense\u00f1anzas no universitarias<\/a><\/span><\/li>\n<li style=\"text-align: justify;\"><a href=\"https:\/\/sidimurcia.org\/index.php\/2023\/06\/06\/orden-01-05-23-que-regula-los-procedimientos-para-la-certificacion-acreditacion-y-reconocimiento-de-la-competencia-digital-docente-de-la-carm\/\"><span class=\"selectable-text copyable-text\" style=\"font-family: arial, helvetica, sans-serif;\">Orden 01\/05\/23 que regula los procedimientos para la certificaci\u00f3n, acreditaci\u00f3n y reconocimiento de la competencia digital docente de la CARM<\/span><\/a>\n<ul>\n<li><span style=\"font-family: arial, helvetica, sans-serif;\"><a href=\"https:\/\/sede.carm.es\/web\/pagina?IDCONTENIDO=3776&amp;IDTIPO=240&amp;RASTRO=c$m40288#seccion-solicitudes\"><span class=\"selectable-text copyable-text\">Solicitud de acreditaci\u00f3n de la competencia digital docente.\u00a0 &#8211; ENLACE A LA SEDE ELECTR\u00d3NICA (c\u00f3digo 3776)<\/span><\/a><\/span><\/li>\n<\/ul>\n<\/li>\n<\/ul>\n<\/td>\n<\/tr>\n<tr>\n<td>\n<ul>\n<li><span style=\"font-family: arial, helvetica, sans-serif;\"><a href=\"https:\/\/sd.sidimurcia.org\/index2.php?option=com_content&amp;task=view&amp;id=11615&amp;Itemid=39\">NOTA INFORMATIVA SIDI \u2013 Se revierten recortes en formaci\u00f3n del profesorado<\/a><\/span><\/li>\n<\/ul>\n<\/td>\n<\/tr>\n<tr>\n<td>\n<ul>\n<li><a href=\"https:\/\/sidimurcia.org\/archivo\/sidi\/index2df92.html?option=com_content&amp;task=view&amp;id=11656&amp;Itemid=39\"><span style=\"font-family: arial, helvetica, sans-serif;\">Decreto 248\/2017 que modifica D. 42\/2003 regula la planificaci\u00f3n, estructura y organizaci\u00f3n del CPR<\/span><\/a>\n<ul>\n<li style=\"text-align: justify;\"><span style=\"font-family: arial, helvetica, sans-serif;\"><a href=\"https:\/\/sidimurcia.org\/index.php\/2020\/09\/19\/orden-08-09-20-que-resuelve-la-convocatoria-mediante-el-procedimiento-de-libre-designacion-al-puesto-de-direccion-del-cpr\/\">Orden 08\/09\/20 que resuelve la convocatoria mediante el procedimiento de libre designaci\u00f3n al puesto de direcci\u00f3n del CPR<\/a><\/span><\/li>\n<\/ul>\n<\/li>\n<li style=\"text-align: justify;\"><a href=\"https:\/\/www.borm.es\/services\/anuncio\/ano\/1997\/numero\/6144\/pdf?id=442417\"><span style=\"font-family: arial, helvetica, sans-serif;\">DECRETO 24\/1997 de 25 de abril, sobre indemnizaciones por raz\u00f3n del servicio del personal de la Administraci\u00f3n P\u00fablica de la Regi\u00f3n de Murcia (BORM n\u00ba 102 de 6 de mayo)<\/span><\/a><\/li>\n<\/ul>\n<\/td>\n<\/tr>\n<tr>\n<td>\n<ul>\n<li><span style=\"font-family: arial, helvetica, sans-serif;\"><a href=\"https:\/\/sd.sidimurcia.org\/index2.php?option=com_content&amp;task=view&amp;id=11227&amp;Itemid=39\">El SIDI solicita a la Consejer\u00eda reconocimiento para docentes ANL y coordinadores biling\u00fces<\/a><\/span>\n<ul>\n<li><span style=\"font-family: arial, helvetica, sans-serif;\"><a href=\"https:\/\/sd.sidimurcia.org\/index2.php?option=com_content&amp;task=view&amp;id=11246&amp;Itemid=39\">Resoluci\u00f3n regula el reconocimiento de horas y\/o cr\u00e9ditos de formaci\u00f3n para el profesorado del SELE<\/a><\/span><\/li>\n<li><a href=\"https:\/\/sidimurcia.org\/index.php\/2025\/11\/18\/orden-06-11-25-que-regula-el-reconocimiento-de-la-acreditacion-en-metodologia-aicle-del-profesorado-para-la-participacion-en-los-programas-de-mejora-y-profundizacion-en-lenguas-extranjeras-en-la-carm\/\"><span style=\"font-family: arial, helvetica, sans-serif;\">Orden 06\/11\/25 que regula el reconocimiento de la acreditaci\u00f3n en metodolog\u00eda AICLE del profesorado para la participaci\u00f3n en los programas de mejora y profundizaci\u00f3n en lenguas extranjeras (PMPLE) en la CARM.<\/span><\/a>\n<ul>\n<li><span style=\"font-family: arial, helvetica, sans-serif;\"><a href=\"https:\/\/sede.carm.es\/web\/pagina?IDCONTENIDO=4675&amp;IDTIPO=240&amp;RASTRO=c$m40288\">ENLACE A LA SEDE ELECTR\u00d3NICA (C\u00f3digo 4675): Procedimiento de acreditaci\u00f3n metodol\u00f3gica AICLE<\/a><\/span><\/li>\n<\/ul>\n<\/li>\n<\/ul>\n<\/li>\n<\/ul>\n<\/td>\n<\/tr>\n<tr>\n<td>\n<ul>\n<li><span style=\"font-family: arial, helvetica, sans-serif;\"><a href=\"https:\/\/sidimurcia.org\/index.php\/2022\/04\/04\/orden-31-03-22-regula-concurso-y-convocatoria-de-asesores-cpr-en-comision-de-servicio-curso-22-23\/\">Orden 31\/03\/22 regula concurso y convocatoria de asesores CPR en comisi\u00f3n de servicio, curso 22\/23.<\/a><\/span><\/li>\n<\/ul>\n<\/td>\n<\/tr>\n<tr>\n<td>\n<ul>\n<li><span style=\"font-family: arial, helvetica, sans-serif;\"><a href=\"https:\/\/programaseducativos.es\/\">Programas educativos<\/a><\/span><\/li>\n<li><span style=\"font-family: arial, helvetica, sans-serif;\"><a href=\"https:\/\/formadocentes.com\/\">Formadocentes<\/a><\/span><\/li>\n<\/ul>\n<\/td>\n<\/tr>\n<\/tbody>\n<\/table>\n<p><span style=\"color: #d4458b;\"><strong><span style=\"font-family: arial, helvetica, sans-serif; font-size: 16px;\">En este enlace se explica como saber las horas que tengo reconocidas para el sexenio<\/span><\/strong><\/span><\/p>\n<ul>\n<li><a href=\"https:\/\/drive.google.com\/file\/d\/1h224GL2JfITJXXhf4YZqD-oIr6Bufx55\/view?usp=sharing\"><span style=\"font-family: arial, helvetica, sans-serif;\">Enlace a la gu\u00eda<\/span><\/a><\/li>\n<\/ul>\n<h2 style=\"text-align: center;\"><span style=\"font-family: arial, helvetica, sans-serif; color: #3c48a9;\">Resumen de la normativa a aplicar para el reconocimiento de sexenio<\/span><\/h2>\n<p><img decoding=\"async\" src=\"https:\/\/sidimurcia.org\/wp-content\/uploads\/horas-formacionsexenios.jpeg\" alt=\"\" \/><\/td>\n<\/tr>\n<\/tbody>\n<\/table>\n<\/div>\n<p>&nbsp;<\/p>\n","protected":false},"excerpt":{"rendered":"<p>En esta secci\u00f3n se encuentra la oferta formativa ofrecida por SIDI as\u00ed como los formularios de inscripci\u00f3n y la normativa &#8230; <a title=\"Cursos de formaci\u00f3n para sexenios y oposiciones\" class=\"read-more\" href=\"https:\/\/sidimurcia.org\/index.php\/cursos\/\" aria-label=\"Leer m\u00e1s sobre Cursos de formaci\u00f3n para sexenios y oposiciones\">Leer mas<\/a><\/p>\n","protected":false},"author":1,"featured_media":0,"parent":0,"menu_order":0,"comment_status":"closed","ping_status":"closed","template":"","meta":{"footnotes":""},"class_list":["post-7318","page","type-page","status-publish"],"yoast_head":"<!-- This site is optimized with the Yoast SEO plugin v27.2 - https:\/\/yoast.com\/product\/yoast-seo-wordpress\/ -->\n<title>Cursos de formaci\u00f3n para sexenios y oposiciones - SIDI<\/title>\n<meta name=\"robots\" content=\"index, follow, max-snippet:-1, max-image-preview:large, max-video-preview:-1\" \/>\n<link rel=\"canonical\" href=\"https:\/\/sidimurcia.org\/index.php\/cursos\/\" \/>\n<meta property=\"og:locale\" content=\"es_ES\" \/>\n<meta property=\"og:type\" content=\"article\" \/>\n<meta property=\"og:title\" content=\"Cursos de formaci\u00f3n para sexenios y oposiciones - SIDI\" \/>\n<meta property=\"og:description\" content=\"En esta secci\u00f3n se encuentra la oferta formativa ofrecida por SIDI as\u00ed como los formularios de inscripci\u00f3n y la normativa ... Leer mas\" \/>\n<meta property=\"og:url\" content=\"https:\/\/sidimurcia.org\/index.php\/cursos\/\" \/>\n<meta property=\"og:site_name\" content=\"SIDI\" \/>\n<meta property=\"article:publisher\" content=\"https:\/\/es-es.facebook.com\/sidi.sindicatodedocentes\" \/>\n<meta property=\"article:modified_time\" content=\"2026-03-17T08:03:11+00:00\" \/>\n<meta property=\"og:image\" content=\"https:\/\/sidimurcia.org\/wp-content\/uploads\/cursos-de-formacion.jpg\" \/>\n<meta name=\"twitter:card\" content=\"summary_large_image\" \/>\n<meta name=\"twitter:site\" content=\"@SIDIMURCIA\" \/>\n<meta name=\"twitter:label1\" content=\"Tiempo de lectura\" \/>\n\t<meta name=\"twitter:data1\" content=\"3 minutos\" \/>\n<script type=\"application\/ld+json\" class=\"yoast-schema-graph\">{\"@context\":\"https:\/\/schema.org\",\"@graph\":[{\"@type\":\"WebPage\",\"@id\":\"https:\/\/sidimurcia.org\/index.php\/cursos\/\",\"url\":\"https:\/\/sidimurcia.org\/index.php\/cursos\/\",\"name\":\"Cursos de formaci\u00f3n para sexenios y oposiciones - SIDI\",\"isPartOf\":{\"@id\":\"https:\/\/sidimurcia.org\/#website\"},\"primaryImageOfPage\":{\"@id\":\"https:\/\/sidimurcia.org\/index.php\/cursos\/#primaryimage\"},\"image\":{\"@id\":\"https:\/\/sidimurcia.org\/index.php\/cursos\/#primaryimage\"},\"thumbnailUrl\":\"https:\/\/sidimurcia.org\/wp-content\/uploads\/cursos-de-formacion.jpg\",\"datePublished\":\"2021-01-15T09:22:17+00:00\",\"dateModified\":\"2026-03-17T08:03:11+00:00\",\"breadcrumb\":{\"@id\":\"https:\/\/sidimurcia.org\/index.php\/cursos\/#breadcrumb\"},\"inLanguage\":\"es\",\"potentialAction\":[{\"@type\":\"ReadAction\",\"target\":[\"https:\/\/sidimurcia.org\/index.php\/cursos\/\"]}]},{\"@type\":\"ImageObject\",\"inLanguage\":\"es\",\"@id\":\"https:\/\/sidimurcia.org\/index.php\/cursos\/#primaryimage\",\"url\":\"https:\/\/sidimurcia.org\/wp-content\/uploads\/cursos-de-formacion.jpg\",\"contentUrl\":\"https:\/\/sidimurcia.org\/wp-content\/uploads\/cursos-de-formacion.jpg\",\"width\":384,\"height\":157},{\"@type\":\"BreadcrumbList\",\"@id\":\"https:\/\/sidimurcia.org\/index.php\/cursos\/#breadcrumb\",\"itemListElement\":[{\"@type\":\"ListItem\",\"position\":1,\"name\":\"Portada\",\"item\":\"https:\/\/sidimurcia.org\/\"},{\"@type\":\"ListItem\",\"position\":2,\"name\":\"Cursos de formaci\u00f3n para sexenios y oposiciones\"}]},{\"@type\":\"WebSite\",\"@id\":\"https:\/\/sidimurcia.org\/#website\",\"url\":\"https:\/\/sidimurcia.org\/\",\"name\":\"SIDI\",\"description\":\"Sindicato Independiente de Docentes\",\"publisher\":{\"@id\":\"https:\/\/sidimurcia.org\/#organization\"},\"potentialAction\":[{\"@type\":\"SearchAction\",\"target\":{\"@type\":\"EntryPoint\",\"urlTemplate\":\"https:\/\/sidimurcia.org\/?s={search_term_string}\"},\"query-input\":{\"@type\":\"PropertyValueSpecification\",\"valueRequired\":true,\"valueName\":\"search_term_string\"}}],\"inLanguage\":\"es\"},{\"@type\":\"Organization\",\"@id\":\"https:\/\/sidimurcia.org\/#organization\",\"name\":\"Sindicato Independiente de Docentes - SIDI\",\"url\":\"https:\/\/sidimurcia.org\/\",\"logo\":{\"@type\":\"ImageObject\",\"inLanguage\":\"es\",\"@id\":\"https:\/\/sidimurcia.org\/#\/schema\/logo\/image\/\",\"url\":\"https:\/\/sidimurcia.org\/wp-content\/uploads\/cropped-PARAPESTANAWEB-1.jpg\",\"contentUrl\":\"https:\/\/sidimurcia.org\/wp-content\/uploads\/cropped-PARAPESTANAWEB-1.jpg\",\"width\":512,\"height\":512,\"caption\":\"Sindicato Independiente de Docentes - SIDI\"},\"image\":{\"@id\":\"https:\/\/sidimurcia.org\/#\/schema\/logo\/image\/\"},\"sameAs\":[\"https:\/\/es-es.facebook.com\/sidi.sindicatodedocentes\",\"https:\/\/x.com\/SIDIMURCIA\",\"https:\/\/www.instagram.com\/sidi_murcia\/\",\"https:\/\/www.youtube.com\/channel\/UCwwdL3uFtDKJdbOfmC70wIQ\"]}]}<\/script>\n<!-- \/ Yoast SEO plugin. -->","yoast_head_json":{"title":"Cursos de formaci\u00f3n para sexenios y oposiciones - SIDI","robots":{"index":"index","follow":"follow","max-snippet":"max-snippet:-1","max-image-preview":"max-image-preview:large","max-video-preview":"max-video-preview:-1"},"canonical":"https:\/\/sidimurcia.org\/index.php\/cursos\/","og_locale":"es_ES","og_type":"article","og_title":"Cursos de formaci\u00f3n para sexenios y oposiciones - SIDI","og_description":"En esta secci\u00f3n se encuentra la oferta formativa ofrecida por SIDI as\u00ed como los formularios de inscripci\u00f3n y la normativa ... Leer mas","og_url":"https:\/\/sidimurcia.org\/index.php\/cursos\/","og_site_name":"SIDI","article_publisher":"https:\/\/es-es.facebook.com\/sidi.sindicatodedocentes","article_modified_time":"2026-03-17T08:03:11+00:00","og_image":[{"url":"https:\/\/sidimurcia.org\/wp-content\/uploads\/cursos-de-formacion.jpg","type":"","width":"","height":""}],"twitter_card":"summary_large_image","twitter_site":"@SIDIMURCIA","twitter_misc":{"Tiempo de lectura":"3 minutos"},"schema":{"@context":"https:\/\/schema.org","@graph":[{"@type":"WebPage","@id":"https:\/\/sidimurcia.org\/index.php\/cursos\/","url":"https:\/\/sidimurcia.org\/index.php\/cursos\/","name":"Cursos de formaci\u00f3n para sexenios y oposiciones - SIDI","isPartOf":{"@id":"https:\/\/sidimurcia.org\/#website"},"primaryImageOfPage":{"@id":"https:\/\/sidimurcia.org\/index.php\/cursos\/#primaryimage"},"image":{"@id":"https:\/\/sidimurcia.org\/index.php\/cursos\/#primaryimage"},"thumbnailUrl":"https:\/\/sidimurcia.org\/wp-content\/uploads\/cursos-de-formacion.jpg","datePublished":"2021-01-15T09:22:17+00:00","dateModified":"2026-03-17T08:03:11+00:00","breadcrumb":{"@id":"https:\/\/sidimurcia.org\/index.php\/cursos\/#breadcrumb"},"inLanguage":"es","potentialAction":[{"@type":"ReadAction","target":["https:\/\/sidimurcia.org\/index.php\/cursos\/"]}]},{"@type":"ImageObject","inLanguage":"es","@id":"https:\/\/sidimurcia.org\/index.php\/cursos\/#primaryimage","url":"https:\/\/sidimurcia.org\/wp-content\/uploads\/cursos-de-formacion.jpg","contentUrl":"https:\/\/sidimurcia.org\/wp-content\/uploads\/cursos-de-formacion.jpg","width":384,"height":157},{"@type":"BreadcrumbList","@id":"https:\/\/sidimurcia.org\/index.php\/cursos\/#breadcrumb","itemListElement":[{"@type":"ListItem","position":1,"name":"Portada","item":"https:\/\/sidimurcia.org\/"},{"@type":"ListItem","position":2,"name":"Cursos de formaci\u00f3n para sexenios y oposiciones"}]},{"@type":"WebSite","@id":"https:\/\/sidimurcia.org\/#website","url":"https:\/\/sidimurcia.org\/","name":"SIDI","description":"Sindicato Independiente de Docentes","publisher":{"@id":"https:\/\/sidimurcia.org\/#organization"},"potentialAction":[{"@type":"SearchAction","target":{"@type":"EntryPoint","urlTemplate":"https:\/\/sidimurcia.org\/?s={search_term_string}"},"query-input":{"@type":"PropertyValueSpecification","valueRequired":true,"valueName":"search_term_string"}}],"inLanguage":"es"},{"@type":"Organization","@id":"https:\/\/sidimurcia.org\/#organization","name":"Sindicato Independiente de Docentes - SIDI","url":"https:\/\/sidimurcia.org\/","logo":{"@type":"ImageObject","inLanguage":"es","@id":"https:\/\/sidimurcia.org\/#\/schema\/logo\/image\/","url":"https:\/\/sidimurcia.org\/wp-content\/uploads\/cropped-PARAPESTANAWEB-1.jpg","contentUrl":"https:\/\/sidimurcia.org\/wp-content\/uploads\/cropped-PARAPESTANAWEB-1.jpg","width":512,"height":512,"caption":"Sindicato Independiente de Docentes - SIDI"},"image":{"@id":"https:\/\/sidimurcia.org\/#\/schema\/logo\/image\/"},"sameAs":["https:\/\/es-es.facebook.com\/sidi.sindicatodedocentes","https:\/\/x.com\/SIDIMURCIA","https:\/\/www.instagram.com\/sidi_murcia\/","https:\/\/www.youtube.com\/channel\/UCwwdL3uFtDKJdbOfmC70wIQ"]}]}},"_links":{"self":[{"href":"https:\/\/sidimurcia.org\/index.php\/wp-json\/wp\/v2\/pages\/7318","targetHints":{"allow":["GET"]}}],"collection":[{"href":"https:\/\/sidimurcia.org\/index.php\/wp-json\/wp\/v2\/pages"}],"about":[{"href":"https:\/\/sidimurcia.org\/index.php\/wp-json\/wp\/v2\/types\/page"}],"author":[{"embeddable":true,"href":"https:\/\/sidimurcia.org\/index.php\/wp-json\/wp\/v2\/users\/1"}],"replies":[{"embeddable":true,"href":"https:\/\/sidimurcia.org\/index.php\/wp-json\/wp\/v2\/comments?post=7318"}],"version-history":[{"count":4,"href":"https:\/\/sidimurcia.org\/index.php\/wp-json\/wp\/v2\/pages\/7318\/revisions"}],"predecessor-version":[{"id":27858,"href":"https:\/\/sidimurcia.org\/index.php\/wp-json\/wp\/v2\/pages\/7318\/revisions\/27858"}],"wp:attachment":[{"href":"https:\/\/sidimurcia.org\/index.php\/wp-json\/wp\/v2\/media?parent=7318"}],"curies":[{"name":"wp","href":"https:\/\/api.w.org\/{rel}","templated":true}]}}